







{"id":7443,"date":"2022-10-25T16:36:59","date_gmt":"2022-10-25T14:36:59","guid":{"rendered":"http:\/\/www.altreterreviaggi.it\/?page_id=7443"},"modified":"2024-06-06T16:35:34","modified_gmt":"2024-06-06T14:35:34","slug":"blog-2-la-barca-a-vela-unemozione-profonda-come-il-mare","status":"publish","type":"page","link":"http:\/\/www.altreterreviaggi.it\/index.php\/blog-2-la-barca-a-vela-unemozione-profonda-come-il-mare\/","title":{"rendered":"Blog\u20132-La Barca a Vela: Un&#8217;emozione Profonda come il Mare"},"content":{"rendered":"<p><strong><div class=\"third\"><p><\/strong><\/p>\n<p style=\"text-align: center;\"><img loading=\"lazy\" class=\"alignnone size-full wp-image-24526\" src=\"http:\/\/www.altreterreviaggi.it\/wp-content\/uploads\/vela1.jpg\" alt=\"\" width=\"300\" height=\"169\" \/><\/p>\n<\/p><\/div>\n<div class=\"third\"><p>\n<p style=\"text-align: center;\"><img loading=\"lazy\" class=\"alignnone size-full wp-image-24527\" src=\"http:\/\/www.altreterreviaggi.it\/wp-content\/uploads\/vela2.jpg\" alt=\"\" width=\"300\" height=\"169\" \/><\/p>\n<\/p><\/div>\n<div class=\"third\"><p>\n<p style=\"text-align: center;\"><img loading=\"lazy\" class=\"alignnone size-full wp-image-24528\" src=\"http:\/\/www.altreterreviaggi.it\/wp-content\/uploads\/vela4.jpg\" alt=\"\" width=\"300\" height=\"169\" \/><\/p>\n<\/p><\/div>\n<h4>Sono nata a Torino, ai piedi delle Alpi, in una giornata di fine gennaio che mi dicono fosse molto fredda e limpida, cos\u00ec limpida che allungando un braccio ti pareva di sfiorare le montagne. Eppure non le amo affatto le montagne, anzi: il mio cuore batte nei deserti arroventati o sul mare.<br \/>\nPer questo quando mi hanno prospettato la possibilit\u00e0 di 3 giorni in barca a vela ho visto realizzarsi uno dei miei tanti sogni di bambina.<\/h4>\n<h4>La nostra meta sono state le Isole Eolie, a fine aprile dello scorso anno.<br \/>\nPartiamo, la mia amica Mara ed io, con un volo per Reggio Calabria, dove incontriamo il gruppo e la prima sera a bordo \u00e8 di convivialit\u00e0, reciproca conoscenza e allegria, nonostante un cielo brontolone che non sembra promettere nulla di buono.<\/h4>\n<h4>La prima notte io dormo come un orso: il leggero beccheggio nelle acque del porto mi culla pi\u00f9 di qualunque ninna nanna. Mi sveglia il mattino seguente la mia amica scrollandomi: noi due siamo state elette vivandiere del gruppo, lei ha gi\u00e0 preparato la colazione ed il profumo del caff\u00e8 \u00e8 una buona esca.<br \/>\nOggi c&#8217;\u00e8 un sole assolutamente insperato e perfetto e, dopo il disbrigo di alcune formalit\u00e0, possiamo finalmente partire.<\/h4>\n<h4>Scilla e Cariddi, Calabria e Sicilia, come Ulisse 3000 anni fa o forse oggi? Quante volte ho oltrepassato questo mitico stretto? Una ventina almeno, forse di pi\u00f9, sorvolandolo con l&#8217;aereo, attraversandolo in auto con un traghetto o addormentata dentro un treno ingoiato dalla pancia della nave. Ma oggi \u00e8 un&#8217;altra cosa, oggi affronto a viso aperto i mostri che vomitano tentacoli e cercano di ghermire la nostra fragile vela.<br \/>\nLipari sembra cos\u00ec lontana e lo stretto cos\u00ec insidioso in questi primi momenti di navigazione e poi di l\u00e0 ci sar\u00e0 il mare aperto ed io sar\u00f2 sola davanti al mistero.<\/h4>\n<h4>Ma Eolo ci \u00e8 amico: il vento si alza con la giusta forza, tanto da permetterci di spegnere i motori e doppiare facilmente lo stretto, senza che la spettacolare ma inoffensiva massa bianca di Scilla abbia tentato di nuocerci.<br \/>\nE dopo ecco il mare aperto, ecco l&#8217;emozione che aspettavo, ecco il vento che gonfia le vele. Gli ordini si susseguono frenetici, bisogna dare l&#8217;assetto giusto alla barca, il vento ora \u00e8 pi\u00f9 forte, il mare pi\u00f9 gonfio, nessuno pu\u00f2 disobbedire, nessuno pu\u00f2 sbagliare, bisogna essere veloci, avere i riflessi pronti. Sotto gli ordini del nostro bravissimo skipper, la barca riesce a sfruttare il buon vento, a mutare dolcemente il suo assetto e la magia si compie: stiamo andando di bolina!<\/h4>\n<h4>Le vele sfiorano il mare e lo scafo fila veloce tagliando inclinato le onde. Rimango ben salda contro il bordo della barca, quasi sospesa verso l&#8217;infinito e intorno ci sono solo il vento che urla la sua canzone ammaliatrice, il sole che scotta e gli spruzzi salati sulla pelle.<br \/>\nPoco a poco l&#8217;adrenalina ruggente sfuma in un&#8217;emozione pi\u00f9 tenera, quasi in commozione, nel vedere le frotte di delfini che volteggiano di fianco a noi, i cuccioli che giocano fiduciosi, indisturbati una volta tanto, liberi da rumori stridenti e da odori sgradevoli di motore.<\/h4>\n<div class=\"third\"><p>\n<p style=\"text-align: center;\"><img loading=\"lazy\" class=\"alignnone size-full wp-image-24529\" src=\"http:\/\/www.altreterreviaggi.it\/wp-content\/uploads\/vela5.jpg\" alt=\"\" width=\"169\" height=\"300\" \/><\/p>\n<\/p><\/div>\n<div class=\"third\"><p>\n<p style=\"text-align: center;\"><img loading=\"lazy\" class=\"alignnone size-full wp-image-24530\" src=\"http:\/\/www.altreterreviaggi.it\/wp-content\/uploads\/vela7.jpg\" alt=\"\" width=\"167\" height=\"298\" \/><\/p>\n<\/p><\/div>\n<div class=\"third\"><p>\n<p style=\"text-align: center;\"><img loading=\"lazy\" class=\"alignnone size-full wp-image-24531\" src=\"http:\/\/www.altreterreviaggi.it\/wp-content\/uploads\/vela6.jpg\" alt=\"\" width=\"169\" height=\"300\" \/><\/p>\n<\/p><\/div>\n<h4>Non so dire quanto \u00e8 durata questa ebbrezza, sicuramente meno di quanto avrei voluto, ma ormai il sole sta calando ed \u00e8 tempo che la massa scura di Lipari si avvicini. Docile la barca si appoggia al pontile e attracchiamo al porticciolo colorato.<\/h4>\n<h4>Stasera non si lavora, non si cucina, stasera si mangia sull&#8217;isola una cena a dir poco lussuriosa di pesce fresco e ottimo vino bianco.<br \/>\nAnche il secondo giorno splende un bel sole sulle isole di Eolo.<\/h4>\n<h4>Ci spostiamo velocemente a Vulcano per visitarla. Alcuni si inerpicano fino al cratere, dove io sono gi\u00e0 stata in un&#8217;altra occasione e scelgo una soluzione pi\u00f9 pigra: una specie di quad a noleggio con cui possiamo girare l&#8217;isola.<br \/>\nCi troviamo presto circondati da prati fioriti di tanti di quei colori e forme che non immaginavo potessero esistere tutti insieme.<br \/>\nProseguiamo sempre pi\u00f9 su, fino a Lentia e al promontorio di Capo Grillo, da cui l&#8217;occhio spazia all&#8217;infinito verso mare, calette, penisole, boschi di pini e scogli, in un tripudio di verdi e azzurri e profumi di sale e di primavera.<br \/>\nRidiscesi al Porto di Levante, presso i fanghi neri e bollenti, dopo aver comprato dei meravigliosi capperi e arance dolcissime, ci riposiamo in un bar, gustando una classicissima, stupenda granita di pistacchio con brioche.<\/h4>\n<h4>Risaliamo a bordo e ci godiamo pigramente il sole del pomeriggio sul ponte della barca.<br \/>\nQuando salpiamo nuovamente, costeggiando Lipari e le cave di pomice, il sole sta cominciando a calare ed il cielo diventa piano piano di fuoco.<br \/>\nAll&#8217;orizzonte si profila la sagoma scura di Salina e a mano a mano che il sole sparisce si alza una splendida immensa luna quasi piena.<br \/>\nLo scafo si muove dolcemente ed il tempo si ferma, rimane sospeso a guardare l&#8217;incanto delle nostre vele bagnate di luce bianchissima contro il nero impenetrabile e profondo del mare. E solo lui, solo il mare respira in questo momento, io non posso, non oso, non riesco a turbare un istante sacro in cui pare che ogni mistero si sciolga e ogni affanno si acquieti. Qui, ora, so con certezza assoluta che per quanti affetti, speranze o dolori possa aver lasciato a terra, nulla e nessuno sarebbe capace di mutare la perfetta felicit\u00e0 di questo istante.<\/h4>\n<h4>Vorrei davvero che lo skipper cambiasse la rotta allontanandoci dagli scali conosciuti e puntasse la prua lontano, verso il punto pi\u00f9 nero e profondo di questo abisso ammaliante.<br \/>\nMa la realt\u00e0 e la materia hanno il sopravvento e attracchiamo a Salina, dove ci buttiamo molto prosaicamente ancora una volta su una cena luculliana e fin troppo abbondante.<br \/>\nLa mattina del terzo giorno con un po&#8217; di fatica mi alzo alle 7 per poter dare almeno un&#8217;occhiata veloce a Salina, dato che non ci sar\u00e0 il tempo purtroppo per una vera visita.<br \/>\nNella luce purissima del mattino brillano le case bianche, la chiesetta color limone, le zagare e le bouganville in fiore, le ginestre sulle colline e le increspature lievi del mare.<br \/>\nNelle stradine a quest&#8217;ora deserte trovo ancora una granita di pistacchio con brioche, ultimo sapore di Sicilia che mi porter\u00f2 a casa, pastoso, squisito, avvolgente.<br \/>\nAlle 9 in punto deve iniziare il viaggio di ritorno e tutti sappiamo che stasera piangeremo di nostalgia.<\/h4>\n","protected":false},"excerpt":{"rendered":"<p>Sono nata a Torino, ai piedi delle Alpi, in una giornata di fine gennaio che mi dicono fosse molto fredda e limpida, cos\u00ec limpida che allungando un braccio ti pareva di sfiorare le montagne. Eppure non le amo affatto le montagne, anzi: il mio cuore batte nei deserti arroventati o sul mare. Per questo quando [&hellip;]<\/p>\n","protected":false},"author":1,"featured_media":7445,"parent":0,"menu_order":0,"comment_status":"closed","ping_status":"closed","template":"template-travels.php","meta":[],"yoast_head":"<!-- This site is optimized with the Yoast SEO plugin v18.2 - https:\/\/yoast.com\/wordpress\/plugins\/seo\/ -->\n<meta name=\"description\" content=\"Sono nata a Torino, ai piedi delle Alpi, in una giornata di fine gennaio che mi dicono fosse molto fredda e limpida, cos\u00ec limpida che allungando un\" \/>\n<meta name=\"robots\" content=\"index, follow, max-snippet:-1, max-image-preview:large, max-video-preview:-1\" \/>\n<link rel=\"canonical\" href=\"http:\/\/www.altreterreviaggi.it\/index.php\/blog-2-la-barca-a-vela-unemozione-profonda-come-il-mare\/\" \/>\n<meta property=\"og:locale\" content=\"it_IT\" \/>\n<meta property=\"og:type\" content=\"article\" \/>\n<meta property=\"og:title\" content=\"Blog\u20132-La Barca a Vela: Un&#039;emozione Profonda come il Mare - Altre Terre Viaggi\" \/>\n<meta property=\"og:description\" content=\"Sono nata a Torino, ai piedi delle Alpi, in una giornata di fine gennaio che mi dicono fosse molto fredda e limpida, cos\u00ec limpida che allungando un\" \/>\n<meta property=\"og:url\" content=\"http:\/\/www.altreterreviaggi.it\/index.php\/blog-2-la-barca-a-vela-unemozione-profonda-come-il-mare\/\" \/>\n<meta property=\"og:site_name\" content=\"Altre Terre Viaggi\" \/>\n<meta property=\"article:modified_time\" content=\"2024-06-06T14:35:34+00:00\" \/>\n<meta property=\"og:image\" content=\"http:\/\/www.altreterreviaggi.it\/wp-content\/uploads\/2-2.jpg\" \/>\n\t<meta property=\"og:image:width\" content=\"300\" \/>\n\t<meta property=\"og:image:height\" content=\"201\" \/>\n\t<meta property=\"og:image:type\" content=\"image\/jpeg\" \/>\n<meta name=\"twitter:card\" content=\"summary_large_image\" \/>\n<meta name=\"twitter:label1\" content=\"Tempo di lettura stimato\" \/>\n\t<meta name=\"twitter:data1\" content=\"7 minuti\" \/>\n<script type=\"application\/ld+json\" class=\"yoast-schema-graph\">{\"@context\":\"https:\/\/schema.org\",\"@graph\":[{\"@type\":\"WebSite\",\"@id\":\"http:\/\/www.altreterreviaggi.it\/#website\",\"url\":\"http:\/\/www.altreterreviaggi.it\/\",\"name\":\"Altre Terre Viaggi\",\"description\":\"\",\"potentialAction\":[{\"@type\":\"SearchAction\",\"target\":{\"@type\":\"EntryPoint\",\"urlTemplate\":\"http:\/\/www.altreterreviaggi.it\/?s={search_term_string}\"},\"query-input\":\"required name=search_term_string\"}],\"inLanguage\":\"it-IT\"},{\"@type\":\"ImageObject\",\"@id\":\"http:\/\/www.altreterreviaggi.it\/index.php\/blog-2-la-barca-a-vela-unemozione-profonda-come-il-mare\/#primaryimage\",\"inLanguage\":\"it-IT\",\"url\":\"http:\/\/www.altreterreviaggi.it\/wp-content\/uploads\/2-2.jpg\",\"contentUrl\":\"http:\/\/www.altreterreviaggi.it\/wp-content\/uploads\/2-2.jpg\",\"width\":300,\"height\":201},{\"@type\":\"WebPage\",\"@id\":\"http:\/\/www.altreterreviaggi.it\/index.php\/blog-2-la-barca-a-vela-unemozione-profonda-come-il-mare\/#webpage\",\"url\":\"http:\/\/www.altreterreviaggi.it\/index.php\/blog-2-la-barca-a-vela-unemozione-profonda-come-il-mare\/\",\"name\":\"Blog\u20132-La Barca a Vela: Un'emozione Profonda come il Mare - Altre Terre Viaggi\",\"isPartOf\":{\"@id\":\"http:\/\/www.altreterreviaggi.it\/#website\"},\"primaryImageOfPage\":{\"@id\":\"http:\/\/www.altreterreviaggi.it\/index.php\/blog-2-la-barca-a-vela-unemozione-profonda-come-il-mare\/#primaryimage\"},\"datePublished\":\"2022-10-25T14:36:59+00:00\",\"dateModified\":\"2024-06-06T14:35:34+00:00\",\"description\":\"Sono nata a Torino, ai piedi delle Alpi, in una giornata di fine gennaio che mi dicono fosse molto fredda e limpida, cos\u00ec limpida che allungando un\",\"breadcrumb\":{\"@id\":\"http:\/\/www.altreterreviaggi.it\/index.php\/blog-2-la-barca-a-vela-unemozione-profonda-come-il-mare\/#breadcrumb\"},\"inLanguage\":\"it-IT\",\"potentialAction\":[{\"@type\":\"ReadAction\",\"target\":[\"http:\/\/www.altreterreviaggi.it\/index.php\/blog-2-la-barca-a-vela-unemozione-profonda-come-il-mare\/\"]}]},{\"@type\":\"BreadcrumbList\",\"@id\":\"http:\/\/www.altreterreviaggi.it\/index.php\/blog-2-la-barca-a-vela-unemozione-profonda-come-il-mare\/#breadcrumb\",\"itemListElement\":[{\"@type\":\"ListItem\",\"position\":1,\"name\":\"Blog\u20132-La Barca a Vela: Un&#8217;emozione Profonda come il Mare\"}]}]}<\/script>\n<!-- \/ Yoast SEO plugin. -->","yoast_head_json":{"description":"Sono nata a Torino, ai piedi delle Alpi, in una giornata di fine gennaio che mi dicono fosse molto fredda e limpida, cos\u00ec limpida che allungando un","robots":{"index":"index","follow":"follow","max-snippet":"max-snippet:-1","max-image-preview":"max-image-preview:large","max-video-preview":"max-video-preview:-1"},"canonical":"http:\/\/www.altreterreviaggi.it\/index.php\/blog-2-la-barca-a-vela-unemozione-profonda-come-il-mare\/","og_locale":"it_IT","og_type":"article","og_title":"Blog\u20132-La Barca a Vela: Un'emozione Profonda come il Mare - Altre Terre Viaggi","og_description":"Sono nata a Torino, ai piedi delle Alpi, in una giornata di fine gennaio che mi dicono fosse molto fredda e limpida, cos\u00ec limpida che allungando un","og_url":"http:\/\/www.altreterreviaggi.it\/index.php\/blog-2-la-barca-a-vela-unemozione-profonda-come-il-mare\/","og_site_name":"Altre Terre Viaggi","article_modified_time":"2024-06-06T14:35:34+00:00","og_image":[{"width":300,"height":201,"url":"http:\/\/www.altreterreviaggi.it\/wp-content\/uploads\/2-2.jpg","type":"image\/jpeg"}],"twitter_card":"summary_large_image","twitter_misc":{"Tempo di lettura stimato":"7 minuti"},"schema":{"@context":"https:\/\/schema.org","@graph":[{"@type":"WebSite","@id":"http:\/\/www.altreterreviaggi.it\/#website","url":"http:\/\/www.altreterreviaggi.it\/","name":"Altre Terre Viaggi","description":"","potentialAction":[{"@type":"SearchAction","target":{"@type":"EntryPoint","urlTemplate":"http:\/\/www.altreterreviaggi.it\/?s={search_term_string}"},"query-input":"required name=search_term_string"}],"inLanguage":"it-IT"},{"@type":"ImageObject","@id":"http:\/\/www.altreterreviaggi.it\/index.php\/blog-2-la-barca-a-vela-unemozione-profonda-come-il-mare\/#primaryimage","inLanguage":"it-IT","url":"http:\/\/www.altreterreviaggi.it\/wp-content\/uploads\/2-2.jpg","contentUrl":"http:\/\/www.altreterreviaggi.it\/wp-content\/uploads\/2-2.jpg","width":300,"height":201},{"@type":"WebPage","@id":"http:\/\/www.altreterreviaggi.it\/index.php\/blog-2-la-barca-a-vela-unemozione-profonda-come-il-mare\/#webpage","url":"http:\/\/www.altreterreviaggi.it\/index.php\/blog-2-la-barca-a-vela-unemozione-profonda-come-il-mare\/","name":"Blog\u20132-La Barca a Vela: Un'emozione Profonda come il Mare - Altre Terre Viaggi","isPartOf":{"@id":"http:\/\/www.altreterreviaggi.it\/#website"},"primaryImageOfPage":{"@id":"http:\/\/www.altreterreviaggi.it\/index.php\/blog-2-la-barca-a-vela-unemozione-profonda-come-il-mare\/#primaryimage"},"datePublished":"2022-10-25T14:36:59+00:00","dateModified":"2024-06-06T14:35:34+00:00","description":"Sono nata a Torino, ai piedi delle Alpi, in una giornata di fine gennaio che mi dicono fosse molto fredda e limpida, cos\u00ec limpida che allungando un","breadcrumb":{"@id":"http:\/\/www.altreterreviaggi.it\/index.php\/blog-2-la-barca-a-vela-unemozione-profonda-come-il-mare\/#breadcrumb"},"inLanguage":"it-IT","potentialAction":[{"@type":"ReadAction","target":["http:\/\/www.altreterreviaggi.it\/index.php\/blog-2-la-barca-a-vela-unemozione-profonda-come-il-mare\/"]}]},{"@type":"BreadcrumbList","@id":"http:\/\/www.altreterreviaggi.it\/index.php\/blog-2-la-barca-a-vela-unemozione-profonda-come-il-mare\/#breadcrumb","itemListElement":[{"@type":"ListItem","position":1,"name":"Blog\u20132-La Barca a Vela: Un&#8217;emozione Profonda come il Mare"}]}]}},"_links":{"self":[{"href":"http:\/\/www.altreterreviaggi.it\/index.php\/wp-json\/wp\/v2\/pages\/7443"}],"collection":[{"href":"http:\/\/www.altreterreviaggi.it\/index.php\/wp-json\/wp\/v2\/pages"}],"about":[{"href":"http:\/\/www.altreterreviaggi.it\/index.php\/wp-json\/wp\/v2\/types\/page"}],"author":[{"embeddable":true,"href":"http:\/\/www.altreterreviaggi.it\/index.php\/wp-json\/wp\/v2\/users\/1"}],"replies":[{"embeddable":true,"href":"http:\/\/www.altreterreviaggi.it\/index.php\/wp-json\/wp\/v2\/comments?post=7443"}],"version-history":[{"count":8,"href":"http:\/\/www.altreterreviaggi.it\/index.php\/wp-json\/wp\/v2\/pages\/7443\/revisions"}],"predecessor-version":[{"id":24532,"href":"http:\/\/www.altreterreviaggi.it\/index.php\/wp-json\/wp\/v2\/pages\/7443\/revisions\/24532"}],"wp:featuredmedia":[{"embeddable":true,"href":"http:\/\/www.altreterreviaggi.it\/index.php\/wp-json\/wp\/v2\/media\/7445"}],"wp:attachment":[{"href":"http:\/\/www.altreterreviaggi.it\/index.php\/wp-json\/wp\/v2\/media?parent=7443"}],"curies":[{"name":"wp","href":"https:\/\/api.w.org\/{rel}","templated":true}]}}