







{"id":7318,"date":"2022-10-13T15:41:33","date_gmt":"2022-10-13T13:41:33","guid":{"rendered":"http:\/\/www.altreterreviaggi.it\/?page_id=7318"},"modified":"2024-06-13T13:43:44","modified_gmt":"2024-06-13T11:43:44","slug":"blog-2-argentina","status":"publish","type":"page","link":"http:\/\/www.altreterreviaggi.it\/index.php\/blog-2-argentina\/","title":{"rendered":"Blog-2-Argentina"},"content":{"rendered":"<h2><span style=\"color: #800000;\"><u>Roberto<\/u>, posted in <u>viaggi<\/u><\/span><\/h2>\n<p>&nbsp;<\/p>\n<h2><span style=\"color: #800000;\"><strong>Cosa vedere in Argentina? La scelta \u00e8 davvero ampia. Questo Stato dell\u2019America latina ospita tanti luoghi d\u2019interesse turistico<\/strong><\/span><\/h2>\n<h3>Cosa vedere in Argentina? La scelta \u00e8 davvero ampia. Questo Stato dell\u2019America latina ospita tanti luoghi d\u2019interesse turistico<\/h3>\n<h3>Su cosa vedere in Argentina si potrebbero scrivere interi libri, fintanto che questo Paese \u00e8 davvero molto ricco sia di attrattive culturali, che di quelle naturali. Complice anche il periodo colonialistico, diversi stili culturali si mescolano qui in una fusione di storie e leggende. Inoltre, l\u2019Argentina \u00e8 anche un Paese molto aperto ai turisti, tanto che i viaggiatori italiani che vorrebbero andare alla scoperta di cosa vedere in Argentina non hanno bisogno di richiedere il visto turistico in una delle sedi diplomatiche dell\u2019Argentina situate sul territorio italiano. Difatti, basta il passaporto del cittadino italiano con una validit\u00e0 residua di almeno 6 mesi per poter richiedere il visto d\u2019ingresso direttamente all\u2019aeroporto d\u2019arrivo nel Paese. Questa avr\u00e0 una durata massima di circa 3 mesi, al termine dei quali si potr\u00e0 prolungare il visto per altri 3 mesi.<\/h3>\n<h3>Tutte le attrattive turistiche dell\u2019Argentina si potrebbero dividere in due grandi categorie: quelle naturali e quelle culturali. Per capire cosa vedere in Argentina degli edifici storici, si dovrebbe sicuramente iniziare da Buenos Aires. Dentro il grande centro urbano vi sono vari edifici colonialistici, alcuni dei quali sono stati costruiti seguendo lo stile del barocco europeo. Altri sono decorati in stile rococ\u00f2. Gli splendidi interni di molti edifici importanti di Buenos Aires fanno rimanere a bocca aperta chiunque. Inoltre, Buenos Aires \u00e8 anche una citt\u00e0 molto moderna. Qui si potranno vedere i posti pi\u00f9 moderni dell\u2019Argentina e visitare anche alcune attrattive spettacolari della citt\u00e0 stessa (per esempio gli strabilianti grattacieli).<br \/>\nInoltre, nella capitale dell\u2019Argentina si trovano diversi musei degni di nota, che raccontano ai viaggiatori l\u2019evoluzione di questo Stato nel corso del tempo. Bisognerebbe trascorrere almeno due giorni solo a Buenos Aires per visitarne tutti i luoghi di alto interesse, prima di avventurarsi alla scoperta delle meraviglie naturali dell\u2019Argentina. Da visitare le Ande: sono dei monti molto pittoreschi e alcuni viaggiatori affermano che sono persino pi\u00f9 belli delle Alpi italiane. Per sapere cosa vedere in Argentina, particolarmente nelle Ande argentine, si consiglia di assumere una guida turistica locale. Questo perch\u00e9 si rischia sempre di perdersi in mezzo alle vaste montagne e non riuscire a trovare una via d\u2019uscita. Bisogna prestare attenzione anche alla natura selvaggia di questi posti.<\/h3>\n<p style=\"text-align: left;\"><div class=\"half\"><p>\n<p style=\"text-align: center;\"><a href=\"http:\/\/www.altreterreviaggi.it\/wp-content\/uploads\/Argentina2-1.jpg\"><img loading=\"lazy\" class=\"alignnone wp-image-25077 size-full\" src=\"http:\/\/www.altreterreviaggi.it\/wp-content\/uploads\/Argentina2-1.jpg\" alt=\"\" width=\"300\" height=\"169\" \/><\/a><\/p>\n<\/p><\/div>\n<div class=\"half\"><p>\n<p style=\"text-align: center;\"><a href=\"http:\/\/www.altreterreviaggi.it\/wp-content\/uploads\/Argentina1.bmp\"><img loading=\"lazy\" class=\"alignnone wp-image-25078 size-full\" src=\"http:\/\/www.altreterreviaggi.it\/wp-content\/uploads\/Argentina1.bmp\" alt=\"\" width=\"300\" height=\"169\" \/><\/a><\/p>\n<\/p><\/div>\n<h3>Inoltre, sono assolutamente da vedere i vari vulcani argentini. Questi si ergono sul territorio circostante come dei veri e propri re dell\u2019Argentina, sovrastando il tutto con la propria maestosit\u00e0. Come se tutto ci\u00f2 non bastasse, la posizione geografica dell\u2019Argentina ha permesso anche lo sviluppo di alcuni ghiacciai, come il maestoso Perito Moreno. In Argentina, insomma, si pu\u00f2 vedere davvero di tutto, tra vulcani, foreste pluviali, animali molto curiosi e persino ghiacciai. Se anche questo, per\u00f2, non bastasse a soddisfare la curiosit\u00e0 turistica, si potrebbe sempre incamminarsi per la Ruta Nacional 40, una strada panoramica (ed epica) che si snoda in mezzo ai panorami argentini fino a raggiungere la frontiera con la Bolivia. Questa strada \u00e8 considerata alla pari della Route 66 statunitense ed \u00e8 visitata ogni anno da molti visitatori provenienti dai pi\u00f9 lontani angoli del pianeta.<\/h3>\n<h3>In un\u2019altra zona dell\u2019Argentina ci sono le Cascate Iguaz\u00f9, tra le pi\u00f9 spettacolari al mondo, un capolavoro naturale che bisogna assolutamente vedere almeno una volta nella vita. Queste offrono un paesaggio naturale davvero molto bello da vedere, che permette ai turisti di ammirare la natura circostante guardandola da una prospettiva radicalmente diversa. Le Cascate Iguaz\u00f9 fanno parte del Parco Nazionale Iguaz\u00f9, di suo bello per via della grande biodiversit\u00e0 che regna nella zona. E le famose cascate sono oltre 252, le pi\u00f9 belle delle quali si trovano al confine tra il Brasile e l\u2019Argentina e ogni anno vengono visitate da molti turisti curiosi di scoprirne particolarit\u00e0. Girovagando per il parco \u00e8 possibile imbattersi in degli animali molto particolari, tra cui iguane, uccelli colorati, oppure altri esemplari della fauna locale.<\/h3>\n<div class=\"half\"><p>\n<p style=\"text-align: center;\"><a href=\"http:\/\/www.altreterreviaggi.it\/wp-content\/uploads\/Argentina3.jpg\"><img loading=\"lazy\" class=\"alignnone wp-image-25081 size-full\" src=\"http:\/\/www.altreterreviaggi.it\/wp-content\/uploads\/Argentina3.jpg\" alt=\"\" width=\"300\" height=\"169\" \/><\/a><\/p>\n<\/p><\/div>\n<div class=\"half\"><p>\n<p style=\"text-align: center;\"><a href=\"http:\/\/www.altreterreviaggi.it\/wp-content\/uploads\/Argentina-3.jpg\"><img loading=\"lazy\" class=\"alignnone wp-image-25082 size-full\" src=\"http:\/\/www.altreterreviaggi.it\/wp-content\/uploads\/Argentina-3.jpg\" alt=\"\" width=\"300\" height=\"169\" \/><\/a><\/p>\n<\/p><\/div>\n<h3>Spostandosi a Mendoza, in un\u2019altra zona dell\u2019Argentina, si potranno degustare i vini argentini e ammirare gli immensi vigneti locali. La tradizione di viticoltura deriva dal periodo colonialistico spagnolo e quindi anche i vini realizzati in Argentina sono tra i migliori al mondo. L\u2019uva Melbec, che cresce in questa regione, fornisce ai vini un sapore molto soffice e particolare. Sempre a Mendoza i turisti avranno modo di assaggiare i prodotti tipici dell\u2019Argentina, con cui accompagnare un buon bicchiere di vino. Anche coloro che cercano una vacanza di lusso troverebbero del pane per i propri denti, specie se si recassero presso la Estancia Cristina. Quest\u2019ultima \u00e8 stata in passato un\u2019azienda di allevamento dei bovini, ora trasformata in un resort di lusso dalla quale partono delle escursioni a cavallo nella natura argentina.<\/h3>\n","protected":false},"excerpt":{"rendered":"<p>Roberto, posted in viaggi &nbsp; Cosa vedere in Argentina? La scelta \u00e8 davvero ampia. Questo Stato dell\u2019America latina ospita tanti luoghi d\u2019interesse turistico Cosa vedere in Argentina? La scelta \u00e8 davvero ampia. Questo Stato dell\u2019America latina ospita tanti luoghi d\u2019interesse turistico Su cosa vedere in Argentina si potrebbero scrivere interi libri, fintanto che questo Paese [&hellip;]<\/p>\n","protected":false},"author":1,"featured_media":7322,"parent":0,"menu_order":0,"comment_status":"open","ping_status":"closed","template":"template-travels.php","meta":[],"yoast_head":"<!-- This site is optimized with the Yoast SEO plugin v18.2 - https:\/\/yoast.com\/wordpress\/plugins\/seo\/ -->\n<meta name=\"description\" content=\"Roberto, posted in viaggi &nbsp; Cosa vedere in Argentina? La scelta \u00e8 davvero ampia. Questo Stato dell\u2019America latina ospita tanti luoghi d\u2019interesse\" \/>\n<meta name=\"robots\" content=\"index, follow, max-snippet:-1, max-image-preview:large, max-video-preview:-1\" \/>\n<link rel=\"canonical\" href=\"http:\/\/www.altreterreviaggi.it\/index.php\/blog-2-argentina\/\" \/>\n<meta property=\"og:locale\" content=\"it_IT\" \/>\n<meta property=\"og:type\" content=\"article\" \/>\n<meta property=\"og:title\" content=\"Blog-2-Argentina - Altre Terre Viaggi\" \/>\n<meta property=\"og:description\" content=\"Roberto, posted in viaggi &nbsp; Cosa vedere in Argentina? La scelta \u00e8 davvero ampia. Questo Stato dell\u2019America latina ospita tanti luoghi d\u2019interesse\" \/>\n<meta property=\"og:url\" content=\"http:\/\/www.altreterreviaggi.it\/index.php\/blog-2-argentina\/\" \/>\n<meta property=\"og:site_name\" content=\"Altre Terre Viaggi\" \/>\n<meta property=\"article:modified_time\" content=\"2024-06-13T11:43:44+00:00\" \/>\n<meta property=\"og:image\" content=\"http:\/\/www.altreterreviaggi.it\/wp-content\/uploads\/Catarattas3.gif\" \/>\n\t<meta property=\"og:image:width\" content=\"893\" \/>\n\t<meta property=\"og:image:height\" content=\"586\" \/>\n\t<meta property=\"og:image:type\" content=\"image\/gif\" \/>\n<meta name=\"twitter:card\" content=\"summary_large_image\" \/>\n<meta name=\"twitter:label1\" content=\"Tempo di lettura stimato\" \/>\n\t<meta name=\"twitter:data1\" content=\"6 minuti\" \/>\n<script type=\"application\/ld+json\" class=\"yoast-schema-graph\">{\"@context\":\"https:\/\/schema.org\",\"@graph\":[{\"@type\":\"WebSite\",\"@id\":\"http:\/\/www.altreterreviaggi.it\/#website\",\"url\":\"http:\/\/www.altreterreviaggi.it\/\",\"name\":\"Altre Terre Viaggi\",\"description\":\"\",\"potentialAction\":[{\"@type\":\"SearchAction\",\"target\":{\"@type\":\"EntryPoint\",\"urlTemplate\":\"http:\/\/www.altreterreviaggi.it\/?s={search_term_string}\"},\"query-input\":\"required name=search_term_string\"}],\"inLanguage\":\"it-IT\"},{\"@type\":\"ImageObject\",\"@id\":\"http:\/\/www.altreterreviaggi.it\/index.php\/blog-2-argentina\/#primaryimage\",\"inLanguage\":\"it-IT\",\"url\":\"http:\/\/www.altreterreviaggi.it\/wp-content\/uploads\/Catarattas3.gif\",\"contentUrl\":\"http:\/\/www.altreterreviaggi.it\/wp-content\/uploads\/Catarattas3.gif\",\"width\":893,\"height\":586},{\"@type\":\"WebPage\",\"@id\":\"http:\/\/www.altreterreviaggi.it\/index.php\/blog-2-argentina\/#webpage\",\"url\":\"http:\/\/www.altreterreviaggi.it\/index.php\/blog-2-argentina\/\",\"name\":\"Blog-2-Argentina - Altre Terre Viaggi\",\"isPartOf\":{\"@id\":\"http:\/\/www.altreterreviaggi.it\/#website\"},\"primaryImageOfPage\":{\"@id\":\"http:\/\/www.altreterreviaggi.it\/index.php\/blog-2-argentina\/#primaryimage\"},\"datePublished\":\"2022-10-13T13:41:33+00:00\",\"dateModified\":\"2024-06-13T11:43:44+00:00\",\"description\":\"Roberto, posted in viaggi &nbsp; Cosa vedere in Argentina? La scelta \u00e8 davvero ampia. Questo Stato dell\u2019America latina ospita tanti luoghi d\u2019interesse\",\"breadcrumb\":{\"@id\":\"http:\/\/www.altreterreviaggi.it\/index.php\/blog-2-argentina\/#breadcrumb\"},\"inLanguage\":\"it-IT\",\"potentialAction\":[{\"@type\":\"ReadAction\",\"target\":[\"http:\/\/www.altreterreviaggi.it\/index.php\/blog-2-argentina\/\"]}]},{\"@type\":\"BreadcrumbList\",\"@id\":\"http:\/\/www.altreterreviaggi.it\/index.php\/blog-2-argentina\/#breadcrumb\",\"itemListElement\":[{\"@type\":\"ListItem\",\"position\":1,\"name\":\"Blog-2-Argentina\"}]}]}<\/script>\n<!-- \/ Yoast SEO plugin. -->","yoast_head_json":{"description":"Roberto, posted in viaggi &nbsp; Cosa vedere in Argentina? La scelta \u00e8 davvero ampia. Questo Stato dell\u2019America latina ospita tanti luoghi d\u2019interesse","robots":{"index":"index","follow":"follow","max-snippet":"max-snippet:-1","max-image-preview":"max-image-preview:large","max-video-preview":"max-video-preview:-1"},"canonical":"http:\/\/www.altreterreviaggi.it\/index.php\/blog-2-argentina\/","og_locale":"it_IT","og_type":"article","og_title":"Blog-2-Argentina - Altre Terre Viaggi","og_description":"Roberto, posted in viaggi &nbsp; Cosa vedere in Argentina? La scelta \u00e8 davvero ampia. Questo Stato dell\u2019America latina ospita tanti luoghi d\u2019interesse","og_url":"http:\/\/www.altreterreviaggi.it\/index.php\/blog-2-argentina\/","og_site_name":"Altre Terre Viaggi","article_modified_time":"2024-06-13T11:43:44+00:00","og_image":[{"width":893,"height":586,"url":"http:\/\/www.altreterreviaggi.it\/wp-content\/uploads\/Catarattas3.gif","type":"image\/gif"}],"twitter_card":"summary_large_image","twitter_misc":{"Tempo di lettura stimato":"6 minuti"},"schema":{"@context":"https:\/\/schema.org","@graph":[{"@type":"WebSite","@id":"http:\/\/www.altreterreviaggi.it\/#website","url":"http:\/\/www.altreterreviaggi.it\/","name":"Altre Terre Viaggi","description":"","potentialAction":[{"@type":"SearchAction","target":{"@type":"EntryPoint","urlTemplate":"http:\/\/www.altreterreviaggi.it\/?s={search_term_string}"},"query-input":"required name=search_term_string"}],"inLanguage":"it-IT"},{"@type":"ImageObject","@id":"http:\/\/www.altreterreviaggi.it\/index.php\/blog-2-argentina\/#primaryimage","inLanguage":"it-IT","url":"http:\/\/www.altreterreviaggi.it\/wp-content\/uploads\/Catarattas3.gif","contentUrl":"http:\/\/www.altreterreviaggi.it\/wp-content\/uploads\/Catarattas3.gif","width":893,"height":586},{"@type":"WebPage","@id":"http:\/\/www.altreterreviaggi.it\/index.php\/blog-2-argentina\/#webpage","url":"http:\/\/www.altreterreviaggi.it\/index.php\/blog-2-argentina\/","name":"Blog-2-Argentina - Altre Terre Viaggi","isPartOf":{"@id":"http:\/\/www.altreterreviaggi.it\/#website"},"primaryImageOfPage":{"@id":"http:\/\/www.altreterreviaggi.it\/index.php\/blog-2-argentina\/#primaryimage"},"datePublished":"2022-10-13T13:41:33+00:00","dateModified":"2024-06-13T11:43:44+00:00","description":"Roberto, posted in viaggi &nbsp; Cosa vedere in Argentina? La scelta \u00e8 davvero ampia. Questo Stato dell\u2019America latina ospita tanti luoghi d\u2019interesse","breadcrumb":{"@id":"http:\/\/www.altreterreviaggi.it\/index.php\/blog-2-argentina\/#breadcrumb"},"inLanguage":"it-IT","potentialAction":[{"@type":"ReadAction","target":["http:\/\/www.altreterreviaggi.it\/index.php\/blog-2-argentina\/"]}]},{"@type":"BreadcrumbList","@id":"http:\/\/www.altreterreviaggi.it\/index.php\/blog-2-argentina\/#breadcrumb","itemListElement":[{"@type":"ListItem","position":1,"name":"Blog-2-Argentina"}]}]}},"_links":{"self":[{"href":"http:\/\/www.altreterreviaggi.it\/index.php\/wp-json\/wp\/v2\/pages\/7318"}],"collection":[{"href":"http:\/\/www.altreterreviaggi.it\/index.php\/wp-json\/wp\/v2\/pages"}],"about":[{"href":"http:\/\/www.altreterreviaggi.it\/index.php\/wp-json\/wp\/v2\/types\/page"}],"author":[{"embeddable":true,"href":"http:\/\/www.altreterreviaggi.it\/index.php\/wp-json\/wp\/v2\/users\/1"}],"replies":[{"embeddable":true,"href":"http:\/\/www.altreterreviaggi.it\/index.php\/wp-json\/wp\/v2\/comments?post=7318"}],"version-history":[{"count":9,"href":"http:\/\/www.altreterreviaggi.it\/index.php\/wp-json\/wp\/v2\/pages\/7318\/revisions"}],"predecessor-version":[{"id":25083,"href":"http:\/\/www.altreterreviaggi.it\/index.php\/wp-json\/wp\/v2\/pages\/7318\/revisions\/25083"}],"wp:featuredmedia":[{"embeddable":true,"href":"http:\/\/www.altreterreviaggi.it\/index.php\/wp-json\/wp\/v2\/media\/7322"}],"wp:attachment":[{"href":"http:\/\/www.altreterreviaggi.it\/index.php\/wp-json\/wp\/v2\/media?parent=7318"}],"curies":[{"name":"wp","href":"https:\/\/api.w.org\/{rel}","templated":true}]}}