







{"id":6041,"date":"2022-07-18T09:36:42","date_gmt":"2022-07-18T07:36:42","guid":{"rendered":"http:\/\/www.altreterreviaggi.it\/?page_id=6041"},"modified":"2022-07-20T14:15:23","modified_gmt":"2022-07-20T12:15:23","slug":"blog-foodwine-le-marche","status":"publish","type":"page","link":"http:\/\/www.altreterreviaggi.it\/index.php\/blog-foodwine-le-marche\/","title":{"rendered":"Blog-2-Food&#038;Wine Le Marche"},"content":{"rendered":"<h2><strong>La Regione Marche ed i suoi vini<\/strong><\/h2>\n<p>&nbsp;<\/p>\n<h2><strong>IL ROSSO CONERO<\/strong><\/h2>\n<h3 class=\"Standard\"><span style=\"font-size: 14.0pt;\">\u00a0<\/span><\/h3>\n<h3 class=\"Standard\"><span style=\"font-size: 14.0pt;\">Vino tipico dell\u2019anconetano e del territorio della Riviera del Conero.<\/span><\/h3>\n<h3 class=\"Standard\"><span style=\"font-size: 14.0pt;\">Il nome lo prende dal Monte Conero, promontorio che sovrasta questo territorio.<\/span><\/h3>\n<h3 class=\"Standard\"><span style=\"font-size: 14.0pt;\">Il Rosso Conero \u00e8 Doc dal 1967 e Docg dal 2004 nella versione Riserva.<\/span><\/h3>\n<h3 class=\"Standard\"><span style=\"font-size: 14.0pt;\">Brezza marina e terra prevalentemente calcarea sono l\u2019habitat naturale di questi vitigni e contribuiscono a creare le uve che producono un vino dalla forte struttura e dal colore rosso rubino, che al palato risulta particolarmente fruttato.<\/span><\/h3>\n<h3 class=\"Standard\"><span style=\"font-size: 14.0pt;\">Il Vino con questa denominazione per Disciplinare deve essere prodotto con un minimo di Montepulciano 85%, per il restante 15% si possono usare tutti gli altri vitigni non aromatici a bacca rossa della regione Marche (principalmente Sangiovese).<\/span><\/h3>\n<h3 class=\"Standard\"><span style=\"font-size: 14.0pt;\">\u00a0<\/span><\/h3>\n<h3 class=\"Standard\"><span style=\"font-size: 14.0pt;\">Il riferimento geografico della Doc \u00e8 il promontorio del Monte Conero con le sue colline che vanno verso l\u2019entroterra. I comuni interessati sono: Ancona, Camerano, Numana, Sirolo, Osimo, Offagna, Castelfidardo.<\/span><\/h3>\n<h3 class=\"Standard\"><span style=\"font-size: 14.0pt;\">\u00a0<\/span><\/h3>\n<h3 class=\"Standard\"><span style=\"font-size: 14.0pt;\">Il Vino si presenta al naso con una spiccata persistente aromaticit\u00e0, al palato il fruttato \u00e8 avvolgente e persistente.<\/span><\/h3>\n<h3 class=\"Standard\"><span style=\"font-size: 14.0pt; letter-spacing: -.75pt;\">Il suo Colore in et\u00e0 giovane \u00e8 rubino intenso con sfumature violacee e passa a toni pi\u00f9 maturi tendenti al granata con unghia aranciata con protrarsi dell\u2019affinamento che pu\u00f2 protrarsi anche oltre 10 anni.<\/span><\/h3>\n<h3 class=\"Standard\"><span style=\"font-size: 14.0pt;\">\u00a0<\/span><\/h3>\n<h3 class=\"Standard\"><span style=\"font-size: 14.0pt; letter-spacing: -.75pt;\">La sua spiccata tannicit\u00e0 si avverte se consumato nel primo anno di vita, questi tannini diventeranno piacevolmente morbidi con il passare del tempo.<\/span><\/h3>\n<h3 class=\"Standard\"><span style=\"font-size: 14.0pt; letter-spacing: -.75pt;\">Strutturato e corposo, il Rosso Conero si fa notare per la sua iniziale vinosit\u00e0 che volge alla quasi alla confettura. Con il trascorrere degli anni diventa asciutto e complesso.<\/span><\/h3>\n<h3 class=\"Standard\"><span style=\"font-size: 14.0pt;\"><br \/>\nQui di seguito alcuni nomi di Aziende che producono Rosso Conero:<\/span><\/h3>\n<h3 class=\"Standard\"><span style=\"font-size: 14.0pt;\">Umani Ronchi<\/span><\/h3>\n<h3 class=\"Standard\"><span style=\"font-size: 14.0pt;\">Casa Vinicola Garofoli<\/span><\/h3>\n<h3 class=\"Standard\"><span style=\"font-size: 14.0pt;\">Strologo Silvano<\/span><\/h3>\n<p class=\"Standard\"><span style=\"font-size: 14.0pt;\">\u00a0<\/span><\/p>\n","protected":false},"excerpt":{"rendered":"<p>La Regione Marche ed i suoi vini &nbsp; IL ROSSO CONERO \u00a0 Vino tipico dell\u2019anconetano e del territorio della Riviera del Conero. Il nome lo prende dal Monte Conero, promontorio che sovrasta questo territorio. Il Rosso Conero \u00e8 Doc dal 1967 e Docg dal 2004 nella versione Riserva. Brezza marina e terra prevalentemente calcarea sono [&hellip;]<\/p>\n","protected":false},"author":1,"featured_media":5711,"parent":0,"menu_order":0,"comment_status":"closed","ping_status":"closed","template":"template-travels.php","meta":[],"yoast_head":"<!-- This site is optimized with the Yoast SEO plugin v18.2 - https:\/\/yoast.com\/wordpress\/plugins\/seo\/ -->\n<meta name=\"description\" content=\"La Regione Marche ed i suoi vini &nbsp; IL ROSSO CONERO \u00a0 Vino tipico dell\u2019anconetano e del territorio della Riviera del Conero. Il nome lo prende dal\" \/>\n<meta name=\"robots\" content=\"index, follow, max-snippet:-1, max-image-preview:large, max-video-preview:-1\" \/>\n<link rel=\"canonical\" href=\"http:\/\/www.altreterreviaggi.it\/index.php\/blog-foodwine-le-marche\/\" \/>\n<meta property=\"og:locale\" content=\"it_IT\" \/>\n<meta property=\"og:type\" content=\"article\" \/>\n<meta property=\"og:title\" content=\"Blog-2-Food&amp;Wine Le Marche - Altre Terre Viaggi\" \/>\n<meta property=\"og:description\" content=\"La Regione Marche ed i suoi vini &nbsp; IL ROSSO CONERO \u00a0 Vino tipico dell\u2019anconetano e del territorio della Riviera del Conero. Il nome lo prende dal\" \/>\n<meta property=\"og:url\" content=\"http:\/\/www.altreterreviaggi.it\/index.php\/blog-foodwine-le-marche\/\" \/>\n<meta property=\"og:site_name\" content=\"Altre Terre Viaggi\" \/>\n<meta property=\"article:modified_time\" content=\"2022-07-20T12:15:23+00:00\" \/>\n<meta property=\"og:image\" content=\"http:\/\/www.altreterreviaggi.it\/wp-content\/uploads\/hd-wallpaper-ge04347399_1280.jpg\" \/>\n\t<meta property=\"og:image:width\" content=\"1280\" \/>\n\t<meta property=\"og:image:height\" content=\"853\" \/>\n\t<meta property=\"og:image:type\" content=\"image\/jpeg\" \/>\n<meta name=\"twitter:card\" content=\"summary_large_image\" \/>\n<meta name=\"twitter:label1\" content=\"Tempo di lettura stimato\" \/>\n\t<meta name=\"twitter:data1\" content=\"2 minuti\" \/>\n<script type=\"application\/ld+json\" class=\"yoast-schema-graph\">{\"@context\":\"https:\/\/schema.org\",\"@graph\":[{\"@type\":\"WebSite\",\"@id\":\"http:\/\/www.altreterreviaggi.it\/#website\",\"url\":\"http:\/\/www.altreterreviaggi.it\/\",\"name\":\"Altre Terre Viaggi\",\"description\":\"\",\"potentialAction\":[{\"@type\":\"SearchAction\",\"target\":{\"@type\":\"EntryPoint\",\"urlTemplate\":\"http:\/\/www.altreterreviaggi.it\/?s={search_term_string}\"},\"query-input\":\"required name=search_term_string\"}],\"inLanguage\":\"it-IT\"},{\"@type\":\"ImageObject\",\"@id\":\"http:\/\/www.altreterreviaggi.it\/index.php\/blog-foodwine-le-marche\/#primaryimage\",\"inLanguage\":\"it-IT\",\"url\":\"http:\/\/www.altreterreviaggi.it\/wp-content\/uploads\/hd-wallpaper-ge04347399_1280.jpg\",\"contentUrl\":\"http:\/\/www.altreterreviaggi.it\/wp-content\/uploads\/hd-wallpaper-ge04347399_1280.jpg\",\"width\":1280,\"height\":853},{\"@type\":\"WebPage\",\"@id\":\"http:\/\/www.altreterreviaggi.it\/index.php\/blog-foodwine-le-marche\/#webpage\",\"url\":\"http:\/\/www.altreterreviaggi.it\/index.php\/blog-foodwine-le-marche\/\",\"name\":\"Blog-2-Food&Wine Le Marche - Altre Terre Viaggi\",\"isPartOf\":{\"@id\":\"http:\/\/www.altreterreviaggi.it\/#website\"},\"primaryImageOfPage\":{\"@id\":\"http:\/\/www.altreterreviaggi.it\/index.php\/blog-foodwine-le-marche\/#primaryimage\"},\"datePublished\":\"2022-07-18T07:36:42+00:00\",\"dateModified\":\"2022-07-20T12:15:23+00:00\",\"description\":\"La Regione Marche ed i suoi vini &nbsp; IL ROSSO CONERO \u00a0 Vino tipico dell\u2019anconetano e del territorio della Riviera del Conero. Il nome lo prende dal\",\"breadcrumb\":{\"@id\":\"http:\/\/www.altreterreviaggi.it\/index.php\/blog-foodwine-le-marche\/#breadcrumb\"},\"inLanguage\":\"it-IT\",\"potentialAction\":[{\"@type\":\"ReadAction\",\"target\":[\"http:\/\/www.altreterreviaggi.it\/index.php\/blog-foodwine-le-marche\/\"]}]},{\"@type\":\"BreadcrumbList\",\"@id\":\"http:\/\/www.altreterreviaggi.it\/index.php\/blog-foodwine-le-marche\/#breadcrumb\",\"itemListElement\":[{\"@type\":\"ListItem\",\"position\":1,\"name\":\"Blog-2-Food&#038;Wine Le Marche\"}]}]}<\/script>\n<!-- \/ Yoast SEO plugin. -->","yoast_head_json":{"description":"La Regione Marche ed i suoi vini &nbsp; IL ROSSO CONERO \u00a0 Vino tipico dell\u2019anconetano e del territorio della Riviera del Conero. Il nome lo prende dal","robots":{"index":"index","follow":"follow","max-snippet":"max-snippet:-1","max-image-preview":"max-image-preview:large","max-video-preview":"max-video-preview:-1"},"canonical":"http:\/\/www.altreterreviaggi.it\/index.php\/blog-foodwine-le-marche\/","og_locale":"it_IT","og_type":"article","og_title":"Blog-2-Food&Wine Le Marche - Altre Terre Viaggi","og_description":"La Regione Marche ed i suoi vini &nbsp; IL ROSSO CONERO \u00a0 Vino tipico dell\u2019anconetano e del territorio della Riviera del Conero. Il nome lo prende dal","og_url":"http:\/\/www.altreterreviaggi.it\/index.php\/blog-foodwine-le-marche\/","og_site_name":"Altre Terre Viaggi","article_modified_time":"2022-07-20T12:15:23+00:00","og_image":[{"width":1280,"height":853,"url":"http:\/\/www.altreterreviaggi.it\/wp-content\/uploads\/hd-wallpaper-ge04347399_1280.jpg","type":"image\/jpeg"}],"twitter_card":"summary_large_image","twitter_misc":{"Tempo di lettura stimato":"2 minuti"},"schema":{"@context":"https:\/\/schema.org","@graph":[{"@type":"WebSite","@id":"http:\/\/www.altreterreviaggi.it\/#website","url":"http:\/\/www.altreterreviaggi.it\/","name":"Altre Terre Viaggi","description":"","potentialAction":[{"@type":"SearchAction","target":{"@type":"EntryPoint","urlTemplate":"http:\/\/www.altreterreviaggi.it\/?s={search_term_string}"},"query-input":"required name=search_term_string"}],"inLanguage":"it-IT"},{"@type":"ImageObject","@id":"http:\/\/www.altreterreviaggi.it\/index.php\/blog-foodwine-le-marche\/#primaryimage","inLanguage":"it-IT","url":"http:\/\/www.altreterreviaggi.it\/wp-content\/uploads\/hd-wallpaper-ge04347399_1280.jpg","contentUrl":"http:\/\/www.altreterreviaggi.it\/wp-content\/uploads\/hd-wallpaper-ge04347399_1280.jpg","width":1280,"height":853},{"@type":"WebPage","@id":"http:\/\/www.altreterreviaggi.it\/index.php\/blog-foodwine-le-marche\/#webpage","url":"http:\/\/www.altreterreviaggi.it\/index.php\/blog-foodwine-le-marche\/","name":"Blog-2-Food&Wine Le Marche - Altre Terre Viaggi","isPartOf":{"@id":"http:\/\/www.altreterreviaggi.it\/#website"},"primaryImageOfPage":{"@id":"http:\/\/www.altreterreviaggi.it\/index.php\/blog-foodwine-le-marche\/#primaryimage"},"datePublished":"2022-07-18T07:36:42+00:00","dateModified":"2022-07-20T12:15:23+00:00","description":"La Regione Marche ed i suoi vini &nbsp; IL ROSSO CONERO \u00a0 Vino tipico dell\u2019anconetano e del territorio della Riviera del Conero. Il nome lo prende dal","breadcrumb":{"@id":"http:\/\/www.altreterreviaggi.it\/index.php\/blog-foodwine-le-marche\/#breadcrumb"},"inLanguage":"it-IT","potentialAction":[{"@type":"ReadAction","target":["http:\/\/www.altreterreviaggi.it\/index.php\/blog-foodwine-le-marche\/"]}]},{"@type":"BreadcrumbList","@id":"http:\/\/www.altreterreviaggi.it\/index.php\/blog-foodwine-le-marche\/#breadcrumb","itemListElement":[{"@type":"ListItem","position":1,"name":"Blog-2-Food&#038;Wine Le Marche"}]}]}},"_links":{"self":[{"href":"http:\/\/www.altreterreviaggi.it\/index.php\/wp-json\/wp\/v2\/pages\/6041"}],"collection":[{"href":"http:\/\/www.altreterreviaggi.it\/index.php\/wp-json\/wp\/v2\/pages"}],"about":[{"href":"http:\/\/www.altreterreviaggi.it\/index.php\/wp-json\/wp\/v2\/types\/page"}],"author":[{"embeddable":true,"href":"http:\/\/www.altreterreviaggi.it\/index.php\/wp-json\/wp\/v2\/users\/1"}],"replies":[{"embeddable":true,"href":"http:\/\/www.altreterreviaggi.it\/index.php\/wp-json\/wp\/v2\/comments?post=6041"}],"version-history":[{"count":5,"href":"http:\/\/www.altreterreviaggi.it\/index.php\/wp-json\/wp\/v2\/pages\/6041\/revisions"}],"predecessor-version":[{"id":6238,"href":"http:\/\/www.altreterreviaggi.it\/index.php\/wp-json\/wp\/v2\/pages\/6041\/revisions\/6238"}],"wp:featuredmedia":[{"embeddable":true,"href":"http:\/\/www.altreterreviaggi.it\/index.php\/wp-json\/wp\/v2\/media\/5711"}],"wp:attachment":[{"href":"http:\/\/www.altreterreviaggi.it\/index.php\/wp-json\/wp\/v2\/media?parent=6041"}],"curies":[{"name":"wp","href":"https:\/\/api.w.org\/{rel}","templated":true}]}}