







{"id":5731,"date":"2022-06-17T17:29:22","date_gmt":"2022-06-17T15:29:22","guid":{"rendered":"http:\/\/www.altreterreviaggi.it\/?page_id=5731"},"modified":"2022-07-20T14:10:16","modified_gmt":"2022-07-20T12:10:16","slug":"blog-foodwine-calabria","status":"publish","type":"page","link":"http:\/\/www.altreterreviaggi.it\/index.php\/blog-foodwine-calabria\/","title":{"rendered":"Blog-2-Food&#038;Wine Calabria"},"content":{"rendered":"<p><strong><em>La Calabria ed i suoi Vini<\/em><\/strong><\/p>\n<p>Regione che vanta antichissime origini nella produzione di Vino, gli albori si fanno risalire al<\/p>\n<p>primo millennio a.C. con le popolazioni Italiche, successivamente i Greci colonizzarono le coste Calabresi che chiamarono Enotria, fornendo cos\u00ec la prima testimonianza della presenza della vite su questo territorio.<\/p>\n<p>Con le colonie Greche si formarono due tipi di viticoltura, una di origine Italica all\u2019interno della regione e l\u2019altra di origine Greca sulle coste, con centri di commercio a Crotone, Locri e Sibari.<\/p>\n<p>Successivamente a seguito della conquista Romanica, la vite venne dismessa a favore di colture seminative e nuove produzioni che andarono a sostituire le vecchie viti Greche.<\/p>\n<p>F\u00f9 alla fine del 1600 che la viticoltura raggiunse la massima espansione.<\/p>\n<p>Purtroppo la Fillossera alla fine dell\u2019800 distrusse tutti i vigneti.<\/p>\n<p>Successivamente la ripresa della produzione vinicola in Calabria fu lenta e principalmente legata a vini da taglio per altre Regioni.<\/p>\n<p>Solo negli ultimi anni, la produzione vitivinicola in questa Regione \u00e8 cambiata, con realt\u00e0 produttive di tutto rispetto.<\/p>\n<p>Le principali Uve sono:<\/p>\n<p>BACCA ROSSA: Gaglioppo, Magliocco Canino, Nerello Mascalese, Nerello Cappuccio e Greco Nero.<\/p>\n<p>BACCA BIANCA: Greco Bianco, Trebbiano Toscano, Montonico e la Guernaccia.<\/p>\n<p>In Calabria non ci sono Docg. Troviamo Doc e Igt.<\/p>\n<p>Il vino pi\u00f9 conosciuto \u00e8 sicuramente il Cir\u00f2 sia Rosso che Bianco Doc della provincia di Crotone.<\/p>\n<p>Le uve del Cir\u00f2 sono principalmente Gaglioppo per il Rosso ed il Greco Bianco per il Bianco.<\/p>\n<p>Il Cir\u00f2 si po&#8217; trovare anche in versione Rosato, composto principalmente da Uve di Gaglioppo, \u00e8<\/p>\n<p>consentito un 5% di Trebbiano Toscano o Greco Bianco.<\/p>\n<p>Abbinamento Cibo -Vino:<\/p>\n<p>Cir\u00f2 Rosso: Agnello stufato, carni alla brace, selvaggina, formaggi stagionati<\/p>\n<p>Cir\u00f2 Bianco: Antipasti, Primi Piatti, Carni Bianche, Verdure trifolate o ripiene.<\/p>\n","protected":false},"excerpt":{"rendered":"<p>La Calabria ed i suoi Vini Regione che vanta antichissime origini nella produzione di Vino, gli albori si fanno risalire al primo millennio a.C. con le popolazioni Italiche, successivamente i Greci colonizzarono le coste Calabresi che chiamarono Enotria, fornendo cos\u00ec la prima testimonianza della presenza della vite su questo territorio. Con le colonie Greche si [&hellip;]<\/p>\n","protected":false},"author":1,"featured_media":5711,"parent":0,"menu_order":0,"comment_status":"closed","ping_status":"closed","template":"template-travels.php","meta":[],"yoast_head":"<!-- This site is optimized with the Yoast SEO plugin v18.2 - https:\/\/yoast.com\/wordpress\/plugins\/seo\/ -->\n<meta name=\"description\" content=\"La Calabria ed i suoi Vini Regione che vanta antichissime origini nella produzione di Vino, gli albori si fanno risalire al primo millennio a.C. con le\" \/>\n<meta name=\"robots\" content=\"index, follow, max-snippet:-1, max-image-preview:large, max-video-preview:-1\" \/>\n<link rel=\"canonical\" href=\"http:\/\/www.altreterreviaggi.it\/index.php\/blog-foodwine-calabria\/\" \/>\n<meta property=\"og:locale\" content=\"it_IT\" \/>\n<meta property=\"og:type\" content=\"article\" \/>\n<meta property=\"og:title\" content=\"Blog-2-Food&amp;Wine Calabria - Altre Terre Viaggi\" \/>\n<meta property=\"og:description\" content=\"La Calabria ed i suoi Vini Regione che vanta antichissime origini nella produzione di Vino, gli albori si fanno risalire al primo millennio a.C. con le\" \/>\n<meta property=\"og:url\" content=\"http:\/\/www.altreterreviaggi.it\/index.php\/blog-foodwine-calabria\/\" \/>\n<meta property=\"og:site_name\" content=\"Altre Terre Viaggi\" \/>\n<meta property=\"article:modified_time\" content=\"2022-07-20T12:10:16+00:00\" \/>\n<meta property=\"og:image\" content=\"http:\/\/www.altreterreviaggi.it\/wp-content\/uploads\/hd-wallpaper-ge04347399_1280.jpg\" \/>\n\t<meta property=\"og:image:width\" content=\"1280\" \/>\n\t<meta property=\"og:image:height\" content=\"853\" \/>\n\t<meta property=\"og:image:type\" content=\"image\/jpeg\" \/>\n<meta name=\"twitter:card\" content=\"summary_large_image\" \/>\n<meta name=\"twitter:label1\" content=\"Tempo di lettura stimato\" \/>\n\t<meta name=\"twitter:data1\" content=\"2 minuti\" \/>\n<script type=\"application\/ld+json\" class=\"yoast-schema-graph\">{\"@context\":\"https:\/\/schema.org\",\"@graph\":[{\"@type\":\"WebSite\",\"@id\":\"http:\/\/www.altreterreviaggi.it\/#website\",\"url\":\"http:\/\/www.altreterreviaggi.it\/\",\"name\":\"Altre Terre Viaggi\",\"description\":\"\",\"potentialAction\":[{\"@type\":\"SearchAction\",\"target\":{\"@type\":\"EntryPoint\",\"urlTemplate\":\"http:\/\/www.altreterreviaggi.it\/?s={search_term_string}\"},\"query-input\":\"required name=search_term_string\"}],\"inLanguage\":\"it-IT\"},{\"@type\":\"ImageObject\",\"@id\":\"http:\/\/www.altreterreviaggi.it\/index.php\/blog-foodwine-calabria\/#primaryimage\",\"inLanguage\":\"it-IT\",\"url\":\"http:\/\/www.altreterreviaggi.it\/wp-content\/uploads\/hd-wallpaper-ge04347399_1280.jpg\",\"contentUrl\":\"http:\/\/www.altreterreviaggi.it\/wp-content\/uploads\/hd-wallpaper-ge04347399_1280.jpg\",\"width\":1280,\"height\":853},{\"@type\":\"WebPage\",\"@id\":\"http:\/\/www.altreterreviaggi.it\/index.php\/blog-foodwine-calabria\/#webpage\",\"url\":\"http:\/\/www.altreterreviaggi.it\/index.php\/blog-foodwine-calabria\/\",\"name\":\"Blog-2-Food&Wine Calabria - Altre Terre Viaggi\",\"isPartOf\":{\"@id\":\"http:\/\/www.altreterreviaggi.it\/#website\"},\"primaryImageOfPage\":{\"@id\":\"http:\/\/www.altreterreviaggi.it\/index.php\/blog-foodwine-calabria\/#primaryimage\"},\"datePublished\":\"2022-06-17T15:29:22+00:00\",\"dateModified\":\"2022-07-20T12:10:16+00:00\",\"description\":\"La Calabria ed i suoi Vini Regione che vanta antichissime origini nella produzione di Vino, gli albori si fanno risalire al primo millennio a.C. con le\",\"breadcrumb\":{\"@id\":\"http:\/\/www.altreterreviaggi.it\/index.php\/blog-foodwine-calabria\/#breadcrumb\"},\"inLanguage\":\"it-IT\",\"potentialAction\":[{\"@type\":\"ReadAction\",\"target\":[\"http:\/\/www.altreterreviaggi.it\/index.php\/blog-foodwine-calabria\/\"]}]},{\"@type\":\"BreadcrumbList\",\"@id\":\"http:\/\/www.altreterreviaggi.it\/index.php\/blog-foodwine-calabria\/#breadcrumb\",\"itemListElement\":[{\"@type\":\"ListItem\",\"position\":1,\"name\":\"Blog-2-Food&#038;Wine Calabria\"}]}]}<\/script>\n<!-- \/ Yoast SEO plugin. -->","yoast_head_json":{"description":"La Calabria ed i suoi Vini Regione che vanta antichissime origini nella produzione di Vino, gli albori si fanno risalire al primo millennio a.C. con le","robots":{"index":"index","follow":"follow","max-snippet":"max-snippet:-1","max-image-preview":"max-image-preview:large","max-video-preview":"max-video-preview:-1"},"canonical":"http:\/\/www.altreterreviaggi.it\/index.php\/blog-foodwine-calabria\/","og_locale":"it_IT","og_type":"article","og_title":"Blog-2-Food&Wine Calabria - Altre Terre Viaggi","og_description":"La Calabria ed i suoi Vini Regione che vanta antichissime origini nella produzione di Vino, gli albori si fanno risalire al primo millennio a.C. con le","og_url":"http:\/\/www.altreterreviaggi.it\/index.php\/blog-foodwine-calabria\/","og_site_name":"Altre Terre Viaggi","article_modified_time":"2022-07-20T12:10:16+00:00","og_image":[{"width":1280,"height":853,"url":"http:\/\/www.altreterreviaggi.it\/wp-content\/uploads\/hd-wallpaper-ge04347399_1280.jpg","type":"image\/jpeg"}],"twitter_card":"summary_large_image","twitter_misc":{"Tempo di lettura stimato":"2 minuti"},"schema":{"@context":"https:\/\/schema.org","@graph":[{"@type":"WebSite","@id":"http:\/\/www.altreterreviaggi.it\/#website","url":"http:\/\/www.altreterreviaggi.it\/","name":"Altre Terre Viaggi","description":"","potentialAction":[{"@type":"SearchAction","target":{"@type":"EntryPoint","urlTemplate":"http:\/\/www.altreterreviaggi.it\/?s={search_term_string}"},"query-input":"required name=search_term_string"}],"inLanguage":"it-IT"},{"@type":"ImageObject","@id":"http:\/\/www.altreterreviaggi.it\/index.php\/blog-foodwine-calabria\/#primaryimage","inLanguage":"it-IT","url":"http:\/\/www.altreterreviaggi.it\/wp-content\/uploads\/hd-wallpaper-ge04347399_1280.jpg","contentUrl":"http:\/\/www.altreterreviaggi.it\/wp-content\/uploads\/hd-wallpaper-ge04347399_1280.jpg","width":1280,"height":853},{"@type":"WebPage","@id":"http:\/\/www.altreterreviaggi.it\/index.php\/blog-foodwine-calabria\/#webpage","url":"http:\/\/www.altreterreviaggi.it\/index.php\/blog-foodwine-calabria\/","name":"Blog-2-Food&Wine Calabria - Altre Terre Viaggi","isPartOf":{"@id":"http:\/\/www.altreterreviaggi.it\/#website"},"primaryImageOfPage":{"@id":"http:\/\/www.altreterreviaggi.it\/index.php\/blog-foodwine-calabria\/#primaryimage"},"datePublished":"2022-06-17T15:29:22+00:00","dateModified":"2022-07-20T12:10:16+00:00","description":"La Calabria ed i suoi Vini Regione che vanta antichissime origini nella produzione di Vino, gli albori si fanno risalire al primo millennio a.C. con le","breadcrumb":{"@id":"http:\/\/www.altreterreviaggi.it\/index.php\/blog-foodwine-calabria\/#breadcrumb"},"inLanguage":"it-IT","potentialAction":[{"@type":"ReadAction","target":["http:\/\/www.altreterreviaggi.it\/index.php\/blog-foodwine-calabria\/"]}]},{"@type":"BreadcrumbList","@id":"http:\/\/www.altreterreviaggi.it\/index.php\/blog-foodwine-calabria\/#breadcrumb","itemListElement":[{"@type":"ListItem","position":1,"name":"Blog-2-Food&#038;Wine Calabria"}]}]}},"_links":{"self":[{"href":"http:\/\/www.altreterreviaggi.it\/index.php\/wp-json\/wp\/v2\/pages\/5731"}],"collection":[{"href":"http:\/\/www.altreterreviaggi.it\/index.php\/wp-json\/wp\/v2\/pages"}],"about":[{"href":"http:\/\/www.altreterreviaggi.it\/index.php\/wp-json\/wp\/v2\/types\/page"}],"author":[{"embeddable":true,"href":"http:\/\/www.altreterreviaggi.it\/index.php\/wp-json\/wp\/v2\/users\/1"}],"replies":[{"embeddable":true,"href":"http:\/\/www.altreterreviaggi.it\/index.php\/wp-json\/wp\/v2\/comments?post=5731"}],"version-history":[{"count":5,"href":"http:\/\/www.altreterreviaggi.it\/index.php\/wp-json\/wp\/v2\/pages\/5731\/revisions"}],"predecessor-version":[{"id":6231,"href":"http:\/\/www.altreterreviaggi.it\/index.php\/wp-json\/wp\/v2\/pages\/5731\/revisions\/6231"}],"wp:featuredmedia":[{"embeddable":true,"href":"http:\/\/www.altreterreviaggi.it\/index.php\/wp-json\/wp\/v2\/media\/5711"}],"wp:attachment":[{"href":"http:\/\/www.altreterreviaggi.it\/index.php\/wp-json\/wp\/v2\/media?parent=5731"}],"curies":[{"name":"wp","href":"https:\/\/api.w.org\/{rel}","templated":true}]}}