







{"id":5727,"date":"2022-06-17T17:19:51","date_gmt":"2022-06-17T15:19:51","guid":{"rendered":"http:\/\/www.altreterreviaggi.it\/?page_id=5727"},"modified":"2022-07-20T14:47:14","modified_gmt":"2022-07-20T12:47:14","slug":"blog-foodwine-sardegna","status":"publish","type":"page","link":"http:\/\/www.altreterreviaggi.it\/index.php\/blog-foodwine-sardegna\/","title":{"rendered":"Blog-2-Food&#038;Wine Sardegna"},"content":{"rendered":"<p><em><strong>LA SARDEGNA E LE SUE UVE<\/strong><\/em><\/p>\n<p>Il territorio Sardo \u00e8 vocato alla produzione, tutta la superficie dell\u2019isola la vite \u00e8 presente, dalle pianure al mare, fino alle colline pi\u00f9 interne.<\/p>\n<p>La conformazione del terrreno permette produzioni enologiche di elevata qualit\u00e0.<\/p>\n<p>La vinificazione Sarda vanta origini antichissime, tracce della Vitis Vinifera si hanno gi\u00e0 in epoca Nuragica pi\u00f9 di 3000 anni fa.<\/p>\n<p>Con la caduta dell\u2019Impero Romano e le invasioni barbariche, vengono abbandonate le colture, fino all\u2019arrivo dei Bizantini e dei loro monaci che impiantarono nuovi vigneti attorno ai monasteri.<\/p>\n<p>In epoca Mediovale viene aumentata e consolidata la produzione con la nascita dei quattro Giudicati che sono: Cagliari, Arborea, Torre e Gallura.<\/p>\n<p>La produzione e la commercializzazione dei vini sardi continuer\u00e0 ed aumenter\u00e0 sotto la dominazione Spagnola .<\/p>\n<p>Purtroppo anche le vigne Sarde vennero distrutte alla fine dell\u2019Ottocento dalla Fillossera,<\/p>\n<p>Successivamente vennero ricostruiti con innesto su viti americane.<\/p>\n<p>I vini, sia bianchi che rossi sono di grande qualit\u00e0, i piu impiantati sono il Vermentino ed il Cannonau.<\/p>\n<p>Ma molte altre uve con il Carignano,il Cagnulari, il Monica, il Torbato, la Vernaccia sono uve che danno vini con forza e carattere ed esprimono al meglio le particolarit\u00e0 territoriali.<\/p>\n<p>Il Cagnulari, autoctono della Sardegna viene coltivato con il tradizionale metodo dell\u2019alberello sulle colline dal suolo calcareo-argilloso a sud di Sassari. Rientra nella Doc Alghero<\/p>\n<p>E\u2019 un vino morbido, avvolgente, fruttato, abbinamento a piatti della tradizione Sarda a base di Carne, ai Pecorini giovani ed alla Spianata farcita di salciccia e provola.<\/p>\n","protected":false},"excerpt":{"rendered":"<p>LA SARDEGNA E LE SUE UVE Il territorio Sardo \u00e8 vocato alla produzione, tutta la superficie dell\u2019isola la vite \u00e8 presente, dalle pianure al mare, fino alle colline pi\u00f9 interne. La conformazione del terrreno permette produzioni enologiche di elevata qualit\u00e0. La vinificazione Sarda vanta origini antichissime, tracce della Vitis Vinifera si hanno gi\u00e0 in epoca [&hellip;]<\/p>\n","protected":false},"author":1,"featured_media":5711,"parent":0,"menu_order":0,"comment_status":"closed","ping_status":"closed","template":"template-travels.php","meta":[],"yoast_head":"<!-- This site is optimized with the Yoast SEO plugin v18.2 - https:\/\/yoast.com\/wordpress\/plugins\/seo\/ -->\n<meta name=\"description\" content=\"LA SARDEGNA E LE SUE UVE Il territorio Sardo \u00e8 vocato alla produzione, tutta la superficie dell\u2019isola la vite \u00e8 presente, dalle pianure al mare, fino alle\" \/>\n<meta name=\"robots\" content=\"index, follow, max-snippet:-1, max-image-preview:large, max-video-preview:-1\" \/>\n<link rel=\"canonical\" href=\"http:\/\/www.altreterreviaggi.it\/index.php\/blog-foodwine-sardegna\/\" \/>\n<meta property=\"og:locale\" content=\"it_IT\" \/>\n<meta property=\"og:type\" content=\"article\" \/>\n<meta property=\"og:title\" content=\"Blog-2-Food&amp;Wine Sardegna - Altre Terre Viaggi\" \/>\n<meta property=\"og:description\" content=\"LA SARDEGNA E LE SUE UVE Il territorio Sardo \u00e8 vocato alla produzione, tutta la superficie dell\u2019isola la vite \u00e8 presente, dalle pianure al mare, fino alle\" \/>\n<meta property=\"og:url\" content=\"http:\/\/www.altreterreviaggi.it\/index.php\/blog-foodwine-sardegna\/\" \/>\n<meta property=\"og:site_name\" content=\"Altre Terre Viaggi\" \/>\n<meta property=\"article:modified_time\" content=\"2022-07-20T12:47:14+00:00\" \/>\n<meta property=\"og:image\" content=\"http:\/\/www.altreterreviaggi.it\/wp-content\/uploads\/hd-wallpaper-ge04347399_1280.jpg\" \/>\n\t<meta property=\"og:image:width\" content=\"1280\" \/>\n\t<meta property=\"og:image:height\" content=\"853\" \/>\n\t<meta property=\"og:image:type\" content=\"image\/jpeg\" \/>\n<meta name=\"twitter:card\" content=\"summary_large_image\" \/>\n<meta name=\"twitter:label1\" content=\"Tempo di lettura stimato\" \/>\n\t<meta name=\"twitter:data1\" content=\"2 minuti\" \/>\n<script type=\"application\/ld+json\" class=\"yoast-schema-graph\">{\"@context\":\"https:\/\/schema.org\",\"@graph\":[{\"@type\":\"WebSite\",\"@id\":\"http:\/\/www.altreterreviaggi.it\/#website\",\"url\":\"http:\/\/www.altreterreviaggi.it\/\",\"name\":\"Altre Terre Viaggi\",\"description\":\"\",\"potentialAction\":[{\"@type\":\"SearchAction\",\"target\":{\"@type\":\"EntryPoint\",\"urlTemplate\":\"http:\/\/www.altreterreviaggi.it\/?s={search_term_string}\"},\"query-input\":\"required name=search_term_string\"}],\"inLanguage\":\"it-IT\"},{\"@type\":\"ImageObject\",\"@id\":\"http:\/\/www.altreterreviaggi.it\/index.php\/blog-foodwine-sardegna\/#primaryimage\",\"inLanguage\":\"it-IT\",\"url\":\"http:\/\/www.altreterreviaggi.it\/wp-content\/uploads\/hd-wallpaper-ge04347399_1280.jpg\",\"contentUrl\":\"http:\/\/www.altreterreviaggi.it\/wp-content\/uploads\/hd-wallpaper-ge04347399_1280.jpg\",\"width\":1280,\"height\":853},{\"@type\":\"WebPage\",\"@id\":\"http:\/\/www.altreterreviaggi.it\/index.php\/blog-foodwine-sardegna\/#webpage\",\"url\":\"http:\/\/www.altreterreviaggi.it\/index.php\/blog-foodwine-sardegna\/\",\"name\":\"Blog-2-Food&Wine Sardegna - Altre Terre Viaggi\",\"isPartOf\":{\"@id\":\"http:\/\/www.altreterreviaggi.it\/#website\"},\"primaryImageOfPage\":{\"@id\":\"http:\/\/www.altreterreviaggi.it\/index.php\/blog-foodwine-sardegna\/#primaryimage\"},\"datePublished\":\"2022-06-17T15:19:51+00:00\",\"dateModified\":\"2022-07-20T12:47:14+00:00\",\"description\":\"LA SARDEGNA E LE SUE UVE Il territorio Sardo \u00e8 vocato alla produzione, tutta la superficie dell\u2019isola la vite \u00e8 presente, dalle pianure al mare, fino alle\",\"breadcrumb\":{\"@id\":\"http:\/\/www.altreterreviaggi.it\/index.php\/blog-foodwine-sardegna\/#breadcrumb\"},\"inLanguage\":\"it-IT\",\"potentialAction\":[{\"@type\":\"ReadAction\",\"target\":[\"http:\/\/www.altreterreviaggi.it\/index.php\/blog-foodwine-sardegna\/\"]}]},{\"@type\":\"BreadcrumbList\",\"@id\":\"http:\/\/www.altreterreviaggi.it\/index.php\/blog-foodwine-sardegna\/#breadcrumb\",\"itemListElement\":[{\"@type\":\"ListItem\",\"position\":1,\"name\":\"Blog-2-Food&#038;Wine Sardegna\"}]}]}<\/script>\n<!-- \/ Yoast SEO plugin. -->","yoast_head_json":{"description":"LA SARDEGNA E LE SUE UVE Il territorio Sardo \u00e8 vocato alla produzione, tutta la superficie dell\u2019isola la vite \u00e8 presente, dalle pianure al mare, fino alle","robots":{"index":"index","follow":"follow","max-snippet":"max-snippet:-1","max-image-preview":"max-image-preview:large","max-video-preview":"max-video-preview:-1"},"canonical":"http:\/\/www.altreterreviaggi.it\/index.php\/blog-foodwine-sardegna\/","og_locale":"it_IT","og_type":"article","og_title":"Blog-2-Food&Wine Sardegna - Altre Terre Viaggi","og_description":"LA SARDEGNA E LE SUE UVE Il territorio Sardo \u00e8 vocato alla produzione, tutta la superficie dell\u2019isola la vite \u00e8 presente, dalle pianure al mare, fino alle","og_url":"http:\/\/www.altreterreviaggi.it\/index.php\/blog-foodwine-sardegna\/","og_site_name":"Altre Terre Viaggi","article_modified_time":"2022-07-20T12:47:14+00:00","og_image":[{"width":1280,"height":853,"url":"http:\/\/www.altreterreviaggi.it\/wp-content\/uploads\/hd-wallpaper-ge04347399_1280.jpg","type":"image\/jpeg"}],"twitter_card":"summary_large_image","twitter_misc":{"Tempo di lettura stimato":"2 minuti"},"schema":{"@context":"https:\/\/schema.org","@graph":[{"@type":"WebSite","@id":"http:\/\/www.altreterreviaggi.it\/#website","url":"http:\/\/www.altreterreviaggi.it\/","name":"Altre Terre Viaggi","description":"","potentialAction":[{"@type":"SearchAction","target":{"@type":"EntryPoint","urlTemplate":"http:\/\/www.altreterreviaggi.it\/?s={search_term_string}"},"query-input":"required name=search_term_string"}],"inLanguage":"it-IT"},{"@type":"ImageObject","@id":"http:\/\/www.altreterreviaggi.it\/index.php\/blog-foodwine-sardegna\/#primaryimage","inLanguage":"it-IT","url":"http:\/\/www.altreterreviaggi.it\/wp-content\/uploads\/hd-wallpaper-ge04347399_1280.jpg","contentUrl":"http:\/\/www.altreterreviaggi.it\/wp-content\/uploads\/hd-wallpaper-ge04347399_1280.jpg","width":1280,"height":853},{"@type":"WebPage","@id":"http:\/\/www.altreterreviaggi.it\/index.php\/blog-foodwine-sardegna\/#webpage","url":"http:\/\/www.altreterreviaggi.it\/index.php\/blog-foodwine-sardegna\/","name":"Blog-2-Food&Wine Sardegna - Altre Terre Viaggi","isPartOf":{"@id":"http:\/\/www.altreterreviaggi.it\/#website"},"primaryImageOfPage":{"@id":"http:\/\/www.altreterreviaggi.it\/index.php\/blog-foodwine-sardegna\/#primaryimage"},"datePublished":"2022-06-17T15:19:51+00:00","dateModified":"2022-07-20T12:47:14+00:00","description":"LA SARDEGNA E LE SUE UVE Il territorio Sardo \u00e8 vocato alla produzione, tutta la superficie dell\u2019isola la vite \u00e8 presente, dalle pianure al mare, fino alle","breadcrumb":{"@id":"http:\/\/www.altreterreviaggi.it\/index.php\/blog-foodwine-sardegna\/#breadcrumb"},"inLanguage":"it-IT","potentialAction":[{"@type":"ReadAction","target":["http:\/\/www.altreterreviaggi.it\/index.php\/blog-foodwine-sardegna\/"]}]},{"@type":"BreadcrumbList","@id":"http:\/\/www.altreterreviaggi.it\/index.php\/blog-foodwine-sardegna\/#breadcrumb","itemListElement":[{"@type":"ListItem","position":1,"name":"Blog-2-Food&#038;Wine Sardegna"}]}]}},"_links":{"self":[{"href":"http:\/\/www.altreterreviaggi.it\/index.php\/wp-json\/wp\/v2\/pages\/5727"}],"collection":[{"href":"http:\/\/www.altreterreviaggi.it\/index.php\/wp-json\/wp\/v2\/pages"}],"about":[{"href":"http:\/\/www.altreterreviaggi.it\/index.php\/wp-json\/wp\/v2\/types\/page"}],"author":[{"embeddable":true,"href":"http:\/\/www.altreterreviaggi.it\/index.php\/wp-json\/wp\/v2\/users\/1"}],"replies":[{"embeddable":true,"href":"http:\/\/www.altreterreviaggi.it\/index.php\/wp-json\/wp\/v2\/comments?post=5727"}],"version-history":[{"count":3,"href":"http:\/\/www.altreterreviaggi.it\/index.php\/wp-json\/wp\/v2\/pages\/5727\/revisions"}],"predecessor-version":[{"id":6257,"href":"http:\/\/www.altreterreviaggi.it\/index.php\/wp-json\/wp\/v2\/pages\/5727\/revisions\/6257"}],"wp:featuredmedia":[{"embeddable":true,"href":"http:\/\/www.altreterreviaggi.it\/index.php\/wp-json\/wp\/v2\/media\/5711"}],"wp:attachment":[{"href":"http:\/\/www.altreterreviaggi.it\/index.php\/wp-json\/wp\/v2\/media?parent=5727"}],"curies":[{"name":"wp","href":"https:\/\/api.w.org\/{rel}","templated":true}]}}