







{"id":5040,"date":"2022-03-16T17:23:28","date_gmt":"2022-03-16T16:23:28","guid":{"rendered":"http:\/\/www.altreterreviaggi.it\/?page_id=5040"},"modified":"2022-07-20T17:02:04","modified_gmt":"2022-07-20T15:02:04","slug":"tunisiablog","status":"publish","type":"page","link":"http:\/\/www.altreterreviaggi.it\/index.php\/tunisiablog\/","title":{"rendered":"Blog-2-Tunisia"},"content":{"rendered":"<p><u>26 maggio, 2022<\/u>\u00a0da\u00a0<u>angelo e sabrina<\/u>, posted in\u00a0<u>viaggi<\/u><\/p>\n<p><img loading=\"lazy\" class=\"alignnone size-full wp-image-4375\" src=\"http:\/\/www.altreterreviaggi.it\/wp-content\/uploads\/a.jpg\" alt=\"\" width=\"300\" height=\"225\" \/><\/p>\n<p>&nbsp;<\/p>\n<p>Oggi vorremmo raccontarvi di un nostro\u00a0<strong>viaggio settembrino in\u00a0Tunisia,<\/strong>\u00a0a Djerba, in particolare a\u00a0<strong>Zarzis.<\/strong><\/p>\n<p><img loading=\"lazy\" class=\"alignnone size-full wp-image-4376\" src=\"http:\/\/www.altreterreviaggi.it\/wp-content\/uploads\/b.jpg\" alt=\"\" width=\"300\" height=\"225\" \/><\/p>\n<p>La Tunisia \u00e8 molto conosciuta ed ormai la\u00a0si pu\u00f2 definire una destinazione \u201cdi massa\u201d,\u00a0 eppure possiamo dirvi che abbiamo provato\u00a0ugualmente\u00a0delle<strong>\u00a0belle emozioni<\/strong>, conserviamo\u00a0<strong>ricordi piacevolissimi.\u00a0<\/strong>Dopotutto\u00a0<strong>ogni angolo del nostro pianeta<\/strong>, anche quello che si crede pi\u00f9 scontato, pu\u00f2 celare\u00a0<strong>incredibili sorprese!<\/strong><\/p>\n<p>Il mare \u00e8 bello, il relax assicurato, e gli hotel o i villaggi super serviti non mancano, vogliamo quindi raccontarvi\u00a0<strong>qualcosa di diverso<\/strong>, provato in comuni escursioni.<\/p>\n<p>Abbiamo visitato l\u2019<strong>\u00a0isola di Djerba<\/strong>\u00a0e siamo davvero rimasti affascinanti dal\u00a0<strong>museo di cultura popolare.<\/strong><\/p>\n<p><img loading=\"lazy\" class=\"alignnone size-full wp-image-4378\" src=\"http:\/\/www.altreterreviaggi.it\/wp-content\/uploads\/d.jpg\" alt=\"\" width=\"300\" height=\"225\" \/> <img loading=\"lazy\" class=\"alignnone size-full wp-image-4377\" src=\"http:\/\/www.altreterreviaggi.it\/wp-content\/uploads\/c.jpg\" alt=\"\" width=\"300\" height=\"225\" \/><\/p>\n<p>In una ambientazione panoramica e caratteristica ci hanno accolto e stupito i tantissimi \u201cdiorami\u201d a grandezza naturale raffiguranti le attivit\u00e0 e le tradizionipi\u00f9 antiche, in parte ancora oggi vive, scene di vita rappresentanti uno spaccato reale che ci ha fatto sentire pi\u00f9 vicini e comprendere meglio le persone che ci hanno ospitati nella loro isola.<\/p>\n<p>Non abbiamo resistito a fare anche noi l\u2019 immancabile<strong>\u00a0cammellata nel deserto<\/strong>, nonostante fossimo (e siamo) convinti che sia solo un modo per \u201cspremere\u201d per benino i turisti ed affaticare quei poveri animali che certamente si divertono molto meno, il richiamo \u00e8 stato pi\u00f9 forte: quelle dune e la sabbia bianca quasi accecante di quel deserto erano davvero una tentazione troppo forte.<\/p>\n<p><img loading=\"lazy\" class=\"alignnone size-full wp-image-4379\" src=\"http:\/\/www.altreterreviaggi.it\/wp-content\/uploads\/e.jpg\" alt=\"\" width=\"300\" height=\"225\" \/><\/p>\n<p>Risultato: ai cammelli ( che in realt\u00e0 erano dromedari) mancava solo la parola, davvero simpatici; il deserto \u00e8 meraviglioso, lo sguardo si perde a vista d\u2019 occhio, in una parola \u00e8 un incanto, noi per\u00f2 ci siamo ricoperti di sabbia oltre ad essere \u201cimbragati\u201d in un\u2019 assurda tragicomica mise similbeduina\u2026<\/p>\n<p>Abbiamo anche incontrato una\u00a0<strong>volpina del deserto<\/strong>, piccolissima, morbidissima e con grandi, enormi orecchione, anche lei purtroppo sfruttatissima per la solita foto di rito (alla quale anche noi non abbiamo rinunciato, dando un piccolo riconoscimento al ragazzino che l\u2019 aveva scovata e portata), credeteci, tenere in braccio un animaletto cos\u00ec dolce riempie il cuore di tenerezza.<\/p>\n<p><img loading=\"lazy\" class=\"alignnone size-full wp-image-4380\" src=\"http:\/\/www.altreterreviaggi.it\/wp-content\/uploads\/f.jpg\" alt=\"\" width=\"300\" height=\"225\" \/> <img loading=\"lazy\" class=\"alignnone size-full wp-image-4381\" src=\"http:\/\/www.altreterreviaggi.it\/wp-content\/uploads\/g.jpg\" alt=\"\" width=\"300\" height=\"225\" \/><\/p>\n<p>Ci siamo poi divertiti ad immedesimarci negli eroi di \u201c<strong>Star Wars<\/strong>\u201c, abbiamo infatti visto\u00a0<strong>Matmata<\/strong>, luogo dall\u2019 aspetto lunare dove le persone pi\u00f9 povere e isolate, nei secoli, hanno costruito case trogloditiche scavate nella roccia, creando una sorta di crateri sotterranei, in parte ancora oggi abitate. Qui hanno girato alcune scene del film, ed il set \u00e8 ricordato con tanti \u201ccimeli\u201d rimasti en plain-air. Fuori caldo torrido, ambiente arido, dentro frescura e riparo e vecchietti ospitali.<\/p>\n<p>Ci sono tante altre cose da vedere e da fare, ma gi\u00e0 in una settimana \u00e8 possibile godersi la classica<strong>\u00a0<\/strong><strong>vacanza balneare<\/strong><strong>\u00a0<\/strong>abbinandola a\u00a0<strong>momenti di divertimento e scoperta<\/strong>, imparando ed apprezzando qualcosa del posto<\/p>\n<p>p.s. il nostro micetto si chiama Zarzis, perch\u00e8 l\u2019 abbiamo trovato abbandonato sotto casa proprio prima di partire per questa vacanza, nell\u2019 indecisione e nella fretta l\u2019 abbiamo chiamato Zarzis, per gli amici Zis..<\/p>\n<h3><span style=\"color: #07b0aa;\">\u00a0<\/span><\/h3>\n","protected":false},"excerpt":{"rendered":"<p>26 maggio, 2022\u00a0da\u00a0angelo e sabrina, posted in\u00a0viaggi &nbsp; Oggi vorremmo raccontarvi di un nostro\u00a0viaggio settembrino in\u00a0Tunisia,\u00a0a Djerba, in particolare a\u00a0Zarzis. La Tunisia \u00e8 molto conosciuta ed ormai la\u00a0si pu\u00f2 definire una destinazione \u201cdi massa\u201d,\u00a0 eppure possiamo dirvi che abbiamo provato\u00a0ugualmente\u00a0delle\u00a0belle emozioni, conserviamo\u00a0ricordi piacevolissimi.\u00a0Dopotutto\u00a0ogni angolo del nostro pianeta, anche quello che si crede pi\u00f9 scontato, pu\u00f2 [&hellip;]<\/p>\n","protected":false},"author":1,"featured_media":0,"parent":0,"menu_order":0,"comment_status":"open","ping_status":"closed","template":"template-travels.php","meta":[],"yoast_head":"<!-- This site is optimized with the Yoast SEO plugin v18.2 - https:\/\/yoast.com\/wordpress\/plugins\/seo\/ -->\n<meta name=\"description\" content=\"26 maggio, 2022\u00a0da\u00a0angelo e sabrina, posted in\u00a0viaggi &nbsp; Oggi vorremmo raccontarvi di un nostro\u00a0viaggio settembrino in\u00a0Tunisia,\u00a0a Djerba, in\" \/>\n<meta name=\"robots\" content=\"index, follow, max-snippet:-1, max-image-preview:large, max-video-preview:-1\" \/>\n<link rel=\"canonical\" href=\"http:\/\/www.altreterreviaggi.it\/index.php\/tunisiablog\/\" \/>\n<meta property=\"og:locale\" content=\"it_IT\" \/>\n<meta property=\"og:type\" content=\"article\" \/>\n<meta property=\"og:title\" content=\"Blog-2-Tunisia - Altre Terre Viaggi\" \/>\n<meta property=\"og:description\" content=\"26 maggio, 2022\u00a0da\u00a0angelo e sabrina, posted in\u00a0viaggi &nbsp; Oggi vorremmo raccontarvi di un nostro\u00a0viaggio settembrino in\u00a0Tunisia,\u00a0a Djerba, in\" \/>\n<meta property=\"og:url\" content=\"http:\/\/www.altreterreviaggi.it\/index.php\/tunisiablog\/\" \/>\n<meta property=\"og:site_name\" content=\"Altre Terre Viaggi\" \/>\n<meta property=\"article:modified_time\" content=\"2022-07-20T15:02:04+00:00\" \/>\n<meta property=\"og:image\" content=\"http:\/\/www.altreterreviaggi.it\/wp-content\/uploads\/a.jpg\" \/>\n<meta name=\"twitter:card\" content=\"summary_large_image\" \/>\n<meta name=\"twitter:label1\" content=\"Tempo di lettura stimato\" \/>\n\t<meta name=\"twitter:data1\" content=\"4 minuti\" \/>\n<script type=\"application\/ld+json\" class=\"yoast-schema-graph\">{\"@context\":\"https:\/\/schema.org\",\"@graph\":[{\"@type\":\"WebSite\",\"@id\":\"http:\/\/www.altreterreviaggi.it\/#website\",\"url\":\"http:\/\/www.altreterreviaggi.it\/\",\"name\":\"Altre Terre Viaggi\",\"description\":\"\",\"potentialAction\":[{\"@type\":\"SearchAction\",\"target\":{\"@type\":\"EntryPoint\",\"urlTemplate\":\"http:\/\/www.altreterreviaggi.it\/?s={search_term_string}\"},\"query-input\":\"required name=search_term_string\"}],\"inLanguage\":\"it-IT\"},{\"@type\":\"ImageObject\",\"@id\":\"http:\/\/www.altreterreviaggi.it\/index.php\/tunisiablog\/#primaryimage\",\"inLanguage\":\"it-IT\",\"url\":\"http:\/\/www.altreterreviaggi.it\/wp-content\/uploads\/a.jpg\",\"contentUrl\":\"http:\/\/www.altreterreviaggi.it\/wp-content\/uploads\/a.jpg\",\"width\":300,\"height\":225},{\"@type\":\"WebPage\",\"@id\":\"http:\/\/www.altreterreviaggi.it\/index.php\/tunisiablog\/#webpage\",\"url\":\"http:\/\/www.altreterreviaggi.it\/index.php\/tunisiablog\/\",\"name\":\"Blog-2-Tunisia - Altre Terre Viaggi\",\"isPartOf\":{\"@id\":\"http:\/\/www.altreterreviaggi.it\/#website\"},\"primaryImageOfPage\":{\"@id\":\"http:\/\/www.altreterreviaggi.it\/index.php\/tunisiablog\/#primaryimage\"},\"datePublished\":\"2022-03-16T16:23:28+00:00\",\"dateModified\":\"2022-07-20T15:02:04+00:00\",\"description\":\"26 maggio, 2022\u00a0da\u00a0angelo e sabrina, posted in\u00a0viaggi &nbsp; Oggi vorremmo raccontarvi di un nostro\u00a0viaggio settembrino in\u00a0Tunisia,\u00a0a Djerba, in\",\"breadcrumb\":{\"@id\":\"http:\/\/www.altreterreviaggi.it\/index.php\/tunisiablog\/#breadcrumb\"},\"inLanguage\":\"it-IT\",\"potentialAction\":[{\"@type\":\"ReadAction\",\"target\":[\"http:\/\/www.altreterreviaggi.it\/index.php\/tunisiablog\/\"]}]},{\"@type\":\"BreadcrumbList\",\"@id\":\"http:\/\/www.altreterreviaggi.it\/index.php\/tunisiablog\/#breadcrumb\",\"itemListElement\":[{\"@type\":\"ListItem\",\"position\":1,\"name\":\"Blog-2-Tunisia\"}]}]}<\/script>\n<!-- \/ Yoast SEO plugin. -->","yoast_head_json":{"description":"26 maggio, 2022\u00a0da\u00a0angelo e sabrina, posted in\u00a0viaggi &nbsp; Oggi vorremmo raccontarvi di un nostro\u00a0viaggio settembrino in\u00a0Tunisia,\u00a0a Djerba, in","robots":{"index":"index","follow":"follow","max-snippet":"max-snippet:-1","max-image-preview":"max-image-preview:large","max-video-preview":"max-video-preview:-1"},"canonical":"http:\/\/www.altreterreviaggi.it\/index.php\/tunisiablog\/","og_locale":"it_IT","og_type":"article","og_title":"Blog-2-Tunisia - Altre Terre Viaggi","og_description":"26 maggio, 2022\u00a0da\u00a0angelo e sabrina, posted in\u00a0viaggi &nbsp; Oggi vorremmo raccontarvi di un nostro\u00a0viaggio settembrino in\u00a0Tunisia,\u00a0a Djerba, in","og_url":"http:\/\/www.altreterreviaggi.it\/index.php\/tunisiablog\/","og_site_name":"Altre Terre Viaggi","article_modified_time":"2022-07-20T15:02:04+00:00","og_image":[{"url":"http:\/\/www.altreterreviaggi.it\/wp-content\/uploads\/a.jpg"}],"twitter_card":"summary_large_image","twitter_misc":{"Tempo di lettura stimato":"4 minuti"},"schema":{"@context":"https:\/\/schema.org","@graph":[{"@type":"WebSite","@id":"http:\/\/www.altreterreviaggi.it\/#website","url":"http:\/\/www.altreterreviaggi.it\/","name":"Altre Terre Viaggi","description":"","potentialAction":[{"@type":"SearchAction","target":{"@type":"EntryPoint","urlTemplate":"http:\/\/www.altreterreviaggi.it\/?s={search_term_string}"},"query-input":"required name=search_term_string"}],"inLanguage":"it-IT"},{"@type":"ImageObject","@id":"http:\/\/www.altreterreviaggi.it\/index.php\/tunisiablog\/#primaryimage","inLanguage":"it-IT","url":"http:\/\/www.altreterreviaggi.it\/wp-content\/uploads\/a.jpg","contentUrl":"http:\/\/www.altreterreviaggi.it\/wp-content\/uploads\/a.jpg","width":300,"height":225},{"@type":"WebPage","@id":"http:\/\/www.altreterreviaggi.it\/index.php\/tunisiablog\/#webpage","url":"http:\/\/www.altreterreviaggi.it\/index.php\/tunisiablog\/","name":"Blog-2-Tunisia - Altre Terre Viaggi","isPartOf":{"@id":"http:\/\/www.altreterreviaggi.it\/#website"},"primaryImageOfPage":{"@id":"http:\/\/www.altreterreviaggi.it\/index.php\/tunisiablog\/#primaryimage"},"datePublished":"2022-03-16T16:23:28+00:00","dateModified":"2022-07-20T15:02:04+00:00","description":"26 maggio, 2022\u00a0da\u00a0angelo e sabrina, posted in\u00a0viaggi &nbsp; Oggi vorremmo raccontarvi di un nostro\u00a0viaggio settembrino in\u00a0Tunisia,\u00a0a Djerba, in","breadcrumb":{"@id":"http:\/\/www.altreterreviaggi.it\/index.php\/tunisiablog\/#breadcrumb"},"inLanguage":"it-IT","potentialAction":[{"@type":"ReadAction","target":["http:\/\/www.altreterreviaggi.it\/index.php\/tunisiablog\/"]}]},{"@type":"BreadcrumbList","@id":"http:\/\/www.altreterreviaggi.it\/index.php\/tunisiablog\/#breadcrumb","itemListElement":[{"@type":"ListItem","position":1,"name":"Blog-2-Tunisia"}]}]}},"_links":{"self":[{"href":"http:\/\/www.altreterreviaggi.it\/index.php\/wp-json\/wp\/v2\/pages\/5040"}],"collection":[{"href":"http:\/\/www.altreterreviaggi.it\/index.php\/wp-json\/wp\/v2\/pages"}],"about":[{"href":"http:\/\/www.altreterreviaggi.it\/index.php\/wp-json\/wp\/v2\/types\/page"}],"author":[{"embeddable":true,"href":"http:\/\/www.altreterreviaggi.it\/index.php\/wp-json\/wp\/v2\/users\/1"}],"replies":[{"embeddable":true,"href":"http:\/\/www.altreterreviaggi.it\/index.php\/wp-json\/wp\/v2\/comments?post=5040"}],"version-history":[{"count":9,"href":"http:\/\/www.altreterreviaggi.it\/index.php\/wp-json\/wp\/v2\/pages\/5040\/revisions"}],"predecessor-version":[{"id":6288,"href":"http:\/\/www.altreterreviaggi.it\/index.php\/wp-json\/wp\/v2\/pages\/5040\/revisions\/6288"}],"wp:attachment":[{"href":"http:\/\/www.altreterreviaggi.it\/index.php\/wp-json\/wp\/v2\/media?parent=5040"}],"curies":[{"name":"wp","href":"https:\/\/api.w.org\/{rel}","templated":true}]}}