







{"id":4665,"date":"2022-01-27T10:13:03","date_gmt":"2022-01-27T09:13:03","guid":{"rendered":"http:\/\/www.altreterreviaggi.it\/?page_id=4665"},"modified":"2024-06-13T08:45:26","modified_gmt":"2024-06-13T06:45:26","slug":"reunion","status":"publish","type":"page","link":"http:\/\/www.altreterreviaggi.it\/index.php\/reunion\/","title":{"rendered":"Reunion"},"content":{"rendered":"<h2><span style=\"color: #800000;\"><em><strong>\u00a0Isola tropicale dell&#8217;Oceano Indiano, nelle isole Mascarene. La Reunion e&#8217; un dipartimento francese d&#8217;oltremare che offre ai viaggiatori<\/strong><\/em><\/span><\/h2>\n<h2><span style=\"color: #800000;\"><em><strong>un ventaglio di variegati panorami, con un frequente cambio di scenari.<\/strong><\/em><\/span><\/h2>\n<h2><span style=\"color: #800000;\"><em><strong>\u00a0Crocevia di civilta&#8217; africana, asiatica ed europea, l&#8217;isola di Reunion e&#8217; un vero crogiolo di culture.<\/strong><\/em><\/span><\/h2>\n<h2><span style=\"color: #800000;\"><em><strong>\u00a0La storia di Reunion e&#8217; costellata di leggende di uomini e donne in cerca di emancipazione. La statua della Vergine Nera di Rivi\u00e8re des Pluies, protettrice degli ex schiavi in fuga, ricorda ai visitatori che la liberta&#8217; \u00e8 uno dei beni pi\u00f9 preziosi.<\/strong><\/em><\/span><\/h2>\n<h2><span style=\"color: #800000;\"><em><strong>Terra di mescolanza e armonia, aspetto confermato dalla leggenda di tre amici: Arlin, Irvin e Rachid. Questi eroi, alla ricerca della verit\u00e0 e desiderosi di difendere le rispettive religioni &#8211; musulmana, indu&#8217; e cristiana &#8211; hanno finito per concordare mentre guardavano l&#8217;oceano dalle alture dell&#8217;isola. Questa riunione ha dato il nome all&#8217;isola ed e&#8217; diventata una bella favola che mette in evidenza il valore che gli isolani attribuiscono al rispetto e alla tolleranza reciproci.<\/strong><\/em><\/span><\/h2>\n<h4><span style=\"color: #800000;\"><strong><em>(Ente del Turismo dell&#8217;isola di Reunion)<\/em><\/strong><\/span><\/h4>\n<h2>Le\u00a0<strong>ISPIRAZIONI<\/strong>\u00a0che seguono sono alcuni suggerimenti per te,\u00a0<span style=\"color: #008000;\"><strong><a style=\"color: #008000;\" href=\"http:\/\/www.altreterreviaggi.it\/index.php\/contatti-2\/\">CONTATTACI<\/a>\u00a0<\/strong><\/span>per il tuo\u00a0<strong>VIAGGIO<\/strong>\u00a0su misura.<\/h2>\n","protected":false},"excerpt":{"rendered":"<p>\u00a0Isola tropicale dell&#8217;Oceano Indiano, nelle isole Mascarene. La Reunion e&#8217; un dipartimento francese d&#8217;oltremare che offre ai viaggiatori un ventaglio di variegati panorami, con un frequente cambio di scenari. \u00a0Crocevia di civilta&#8217; africana, asiatica ed europea, l&#8217;isola di Reunion e&#8217; un vero crogiolo di culture. \u00a0La storia di Reunion e&#8217; costellata di leggende di uomini [&hellip;]<\/p>\n","protected":false},"author":1,"featured_media":4854,"parent":0,"menu_order":0,"comment_status":"open","ping_status":"closed","template":"template-travels.php","meta":[],"yoast_head":"<!-- This site is optimized with the Yoast SEO plugin v18.2 - https:\/\/yoast.com\/wordpress\/plugins\/seo\/ -->\n<meta name=\"description\" content=\"\u00a0Isola tropicale dell&#039;Oceano Indiano, nelle isole Mascarene. La Reunion e&#039; un dipartimento francese d&#039;oltremare che offre ai viaggiatori un ventaglio di\" \/>\n<meta name=\"robots\" content=\"index, follow, max-snippet:-1, max-image-preview:large, max-video-preview:-1\" \/>\n<link rel=\"canonical\" href=\"http:\/\/www.altreterreviaggi.it\/index.php\/reunion\/\" \/>\n<meta property=\"og:locale\" content=\"it_IT\" \/>\n<meta property=\"og:type\" content=\"article\" \/>\n<meta property=\"og:title\" content=\"Reunion - Altre Terre Viaggi\" \/>\n<meta property=\"og:description\" content=\"\u00a0Isola tropicale dell&#039;Oceano Indiano, nelle isole Mascarene. La Reunion e&#039; un dipartimento francese d&#039;oltremare che offre ai viaggiatori un ventaglio di\" \/>\n<meta property=\"og:url\" content=\"http:\/\/www.altreterreviaggi.it\/index.php\/reunion\/\" \/>\n<meta property=\"og:site_name\" content=\"Altre Terre Viaggi\" \/>\n<meta property=\"article:modified_time\" content=\"2024-06-13T06:45:26+00:00\" \/>\n<meta property=\"og:image\" content=\"http:\/\/www.altreterreviaggi.it\/wp-content\/uploads\/beach-gee1a7f144_640.jpg\" \/>\n\t<meta property=\"og:image:width\" content=\"640\" \/>\n\t<meta property=\"og:image:height\" content=\"311\" \/>\n\t<meta property=\"og:image:type\" content=\"image\/jpeg\" \/>\n<meta name=\"twitter:card\" content=\"summary_large_image\" \/>\n<meta name=\"twitter:label1\" content=\"Tempo di lettura stimato\" \/>\n\t<meta name=\"twitter:data1\" content=\"1 minuto\" \/>\n<script type=\"application\/ld+json\" class=\"yoast-schema-graph\">{\"@context\":\"https:\/\/schema.org\",\"@graph\":[{\"@type\":\"WebSite\",\"@id\":\"http:\/\/www.altreterreviaggi.it\/#website\",\"url\":\"http:\/\/www.altreterreviaggi.it\/\",\"name\":\"Altre Terre Viaggi\",\"description\":\"\",\"potentialAction\":[{\"@type\":\"SearchAction\",\"target\":{\"@type\":\"EntryPoint\",\"urlTemplate\":\"http:\/\/www.altreterreviaggi.it\/?s={search_term_string}\"},\"query-input\":\"required name=search_term_string\"}],\"inLanguage\":\"it-IT\"},{\"@type\":\"ImageObject\",\"@id\":\"http:\/\/www.altreterreviaggi.it\/index.php\/reunion\/#primaryimage\",\"inLanguage\":\"it-IT\",\"url\":\"http:\/\/www.altreterreviaggi.it\/wp-content\/uploads\/beach-gee1a7f144_640.jpg\",\"contentUrl\":\"http:\/\/www.altreterreviaggi.it\/wp-content\/uploads\/beach-gee1a7f144_640.jpg\",\"width\":640,\"height\":311},{\"@type\":\"WebPage\",\"@id\":\"http:\/\/www.altreterreviaggi.it\/index.php\/reunion\/#webpage\",\"url\":\"http:\/\/www.altreterreviaggi.it\/index.php\/reunion\/\",\"name\":\"Reunion - Altre Terre Viaggi\",\"isPartOf\":{\"@id\":\"http:\/\/www.altreterreviaggi.it\/#website\"},\"primaryImageOfPage\":{\"@id\":\"http:\/\/www.altreterreviaggi.it\/index.php\/reunion\/#primaryimage\"},\"datePublished\":\"2022-01-27T09:13:03+00:00\",\"dateModified\":\"2024-06-13T06:45:26+00:00\",\"description\":\"\u00a0Isola tropicale dell'Oceano Indiano, nelle isole Mascarene. La Reunion e' un dipartimento francese d'oltremare che offre ai viaggiatori un ventaglio di\",\"breadcrumb\":{\"@id\":\"http:\/\/www.altreterreviaggi.it\/index.php\/reunion\/#breadcrumb\"},\"inLanguage\":\"it-IT\",\"potentialAction\":[{\"@type\":\"ReadAction\",\"target\":[\"http:\/\/www.altreterreviaggi.it\/index.php\/reunion\/\"]}]},{\"@type\":\"BreadcrumbList\",\"@id\":\"http:\/\/www.altreterreviaggi.it\/index.php\/reunion\/#breadcrumb\",\"itemListElement\":[{\"@type\":\"ListItem\",\"position\":1,\"name\":\"Reunion\"}]}]}<\/script>\n<!-- \/ Yoast SEO plugin. -->","yoast_head_json":{"description":"\u00a0Isola tropicale dell'Oceano Indiano, nelle isole Mascarene. La Reunion e' un dipartimento francese d'oltremare che offre ai viaggiatori un ventaglio di","robots":{"index":"index","follow":"follow","max-snippet":"max-snippet:-1","max-image-preview":"max-image-preview:large","max-video-preview":"max-video-preview:-1"},"canonical":"http:\/\/www.altreterreviaggi.it\/index.php\/reunion\/","og_locale":"it_IT","og_type":"article","og_title":"Reunion - Altre Terre Viaggi","og_description":"\u00a0Isola tropicale dell'Oceano Indiano, nelle isole Mascarene. La Reunion e' un dipartimento francese d'oltremare che offre ai viaggiatori un ventaglio di","og_url":"http:\/\/www.altreterreviaggi.it\/index.php\/reunion\/","og_site_name":"Altre Terre Viaggi","article_modified_time":"2024-06-13T06:45:26+00:00","og_image":[{"width":640,"height":311,"url":"http:\/\/www.altreterreviaggi.it\/wp-content\/uploads\/beach-gee1a7f144_640.jpg","type":"image\/jpeg"}],"twitter_card":"summary_large_image","twitter_misc":{"Tempo di lettura stimato":"1 minuto"},"schema":{"@context":"https:\/\/schema.org","@graph":[{"@type":"WebSite","@id":"http:\/\/www.altreterreviaggi.it\/#website","url":"http:\/\/www.altreterreviaggi.it\/","name":"Altre Terre Viaggi","description":"","potentialAction":[{"@type":"SearchAction","target":{"@type":"EntryPoint","urlTemplate":"http:\/\/www.altreterreviaggi.it\/?s={search_term_string}"},"query-input":"required name=search_term_string"}],"inLanguage":"it-IT"},{"@type":"ImageObject","@id":"http:\/\/www.altreterreviaggi.it\/index.php\/reunion\/#primaryimage","inLanguage":"it-IT","url":"http:\/\/www.altreterreviaggi.it\/wp-content\/uploads\/beach-gee1a7f144_640.jpg","contentUrl":"http:\/\/www.altreterreviaggi.it\/wp-content\/uploads\/beach-gee1a7f144_640.jpg","width":640,"height":311},{"@type":"WebPage","@id":"http:\/\/www.altreterreviaggi.it\/index.php\/reunion\/#webpage","url":"http:\/\/www.altreterreviaggi.it\/index.php\/reunion\/","name":"Reunion - Altre Terre Viaggi","isPartOf":{"@id":"http:\/\/www.altreterreviaggi.it\/#website"},"primaryImageOfPage":{"@id":"http:\/\/www.altreterreviaggi.it\/index.php\/reunion\/#primaryimage"},"datePublished":"2022-01-27T09:13:03+00:00","dateModified":"2024-06-13T06:45:26+00:00","description":"\u00a0Isola tropicale dell'Oceano Indiano, nelle isole Mascarene. La Reunion e' un dipartimento francese d'oltremare che offre ai viaggiatori un ventaglio di","breadcrumb":{"@id":"http:\/\/www.altreterreviaggi.it\/index.php\/reunion\/#breadcrumb"},"inLanguage":"it-IT","potentialAction":[{"@type":"ReadAction","target":["http:\/\/www.altreterreviaggi.it\/index.php\/reunion\/"]}]},{"@type":"BreadcrumbList","@id":"http:\/\/www.altreterreviaggi.it\/index.php\/reunion\/#breadcrumb","itemListElement":[{"@type":"ListItem","position":1,"name":"Reunion"}]}]}},"_links":{"self":[{"href":"http:\/\/www.altreterreviaggi.it\/index.php\/wp-json\/wp\/v2\/pages\/4665"}],"collection":[{"href":"http:\/\/www.altreterreviaggi.it\/index.php\/wp-json\/wp\/v2\/pages"}],"about":[{"href":"http:\/\/www.altreterreviaggi.it\/index.php\/wp-json\/wp\/v2\/types\/page"}],"author":[{"embeddable":true,"href":"http:\/\/www.altreterreviaggi.it\/index.php\/wp-json\/wp\/v2\/users\/1"}],"replies":[{"embeddable":true,"href":"http:\/\/www.altreterreviaggi.it\/index.php\/wp-json\/wp\/v2\/comments?post=4665"}],"version-history":[{"count":7,"href":"http:\/\/www.altreterreviaggi.it\/index.php\/wp-json\/wp\/v2\/pages\/4665\/revisions"}],"predecessor-version":[{"id":25024,"href":"http:\/\/www.altreterreviaggi.it\/index.php\/wp-json\/wp\/v2\/pages\/4665\/revisions\/25024"}],"wp:featuredmedia":[{"embeddable":true,"href":"http:\/\/www.altreterreviaggi.it\/index.php\/wp-json\/wp\/v2\/media\/4854"}],"wp:attachment":[{"href":"http:\/\/www.altreterreviaggi.it\/index.php\/wp-json\/wp\/v2\/media?parent=4665"}],"curies":[{"name":"wp","href":"https:\/\/api.w.org\/{rel}","templated":true}]}}