







{"id":4463,"date":"2021-12-19T17:44:10","date_gmt":"2021-12-19T16:44:10","guid":{"rendered":"http:\/\/www.altreterreviaggi.it\/?page_id=4463"},"modified":"2024-06-13T08:15:40","modified_gmt":"2024-06-13T06:15:40","slug":"viaggi-yatch","status":"publish","type":"page","link":"http:\/\/www.altreterreviaggi.it\/index.php\/viaggi-yatch\/","title":{"rendered":"Viaggi Yacht"},"content":{"rendered":"<h2><strong><span style=\"color: #800000;\"><em>I curiosi seguirono con lo sguardo lo yacht, finche&#8217; non l\u2019ebbero perso di vista; e allora cominciarono le discussioni per sapere dove era diretto: alcuni dicevano in Corsica, altri all\u2019isola d\u2019Elba, altri ancora scommettevano sulla Spagna, e altri sostenevano che andava in Africa\u2026 Nessuno penso&#8217; all\u2019isola di Montecristo<\/em><\/span><\/strong><br \/>\n<strong><span style=\"color: #800000;\"><em>(Alexandre Dumas)<\/em><\/span><\/strong><\/h2>\n<h2><span style=\"color: #000000;\">Crociere individuali in esclusiva, di gruppo o noleggio nelle pi\u00f9 ambite destinazioni Mediterraneo, Oceano Indiano, Oceano Pacifico e Caraibi.<\/span><\/h2>\n<p>&nbsp;<\/p>\n<h2>Il noleggio yacht \u00e8 la soluzione migliore per viaggiare in barca in modo indipendente.<\/h2>\n<h2>Ti piacerebbe trascorrere una giornata di relax con i tuoi amici o la tua famiglia a bordo di uno splendido motoscafo? Ti diamo la possibilit\u00e0 di noleggiare barche moderne e versatili, per una navigazione facile e sicura.<\/h2>\n<h2>Scoprirete la Sicilia pi\u00f9 raffinata, fatta di calette nascoste e arricchita di colori e profumi che completano la bellezza dei nostri mari e delle nostre localit\u00e0. E se decidi di rimanere qualche giorno, ad esempio a Catania, siamo in grado di proporti la soluzione pi\u00f9 adatta alle tue esigenze.<\/h2>\n<h2>Possiamo costruire la tua vacanza in ogni dettaglio, charter privato in elicottero o auto di lusso, per trasferimenti ed escursioni. Il nostro concierge personale ti aiuter\u00e0 a pianificare ogni esperienza e a soddisfare le tue richieste.<\/h2>\n<p>&nbsp;<\/p>\n<h2><strong><span style=\"color: #800000;\"><em>Clicca sul nome dello Yacht interessato per avere maggiori informazioni, oppure richiedi informazioni \u00a0<\/em><\/span><span style=\"color: #008000;\"><em><a style=\"color: #008000;\" href=\"http:\/\/www.altreterreviaggi.it\/index.php\/contatti-2\/\">Contattaci<\/a><\/em><\/span><\/strong><\/h2>\n<h1 style=\"text-align: left;\"><em><span style=\"color: #800000;\"><span style=\"color: #00ccff;\"><strong>Ferretti CL97\u00a0 \u00a0<span style=\"color: #00ccff;\"><a style=\"color: #00ccff;\" href=\"http:\/\/www.altreterreviaggi.it\/index.php\/viaggi-yacht-marco-polo-78-fly\/\">Marco polo 78 Fly<\/a><\/span>\u00a0 \u00a0<a style=\"color: #00ccff;\" href=\"http:\/\/www.altreterreviaggi.it\/index.php\/viaggi-yacht-aicon-72-sl-arwen\/\">Aicon 72 SL Arwen<\/a><\/strong><\/span><\/span><\/em><\/h1>\n<h1 style=\"text-align: left;\"><span style=\"color: #00ccff;\"><strong><em><span style=\"color: #00ccff;\"><a style=\"color: #00ccff;\" href=\"http:\/\/www.altreterreviaggi.it\/index.php\/viaggi-yacht-uniesse-72-blue-ice\/\">Uniesse 72 Blue Ice<\/a><\/span>\u00a0 \u00a0<a style=\"color: #00ccff;\" href=\"http:\/\/www.altreterreviaggi.it\/index.php\/viaggi-yacht-aicon-62-sl-mine\/\">Aicon 62 SL Mine<\/a>\u00a0 Aicon 56 Flybridge<\/em><\/strong><\/span><\/h1>\n<h1 style=\"text-align: left;\"><em><span style=\"color: #800000;\"><span style=\"color: #00ccff;\"><strong>Alena 52\u00a0 \u00a0Cranchi 47 ht\u00a0 \u00a0Cranchi Zaffiro 32 <\/strong><\/span>\u00a0<\/span><\/em><\/h1>\n<h4>@foto\/testi\/servizi e programmi di Go Cruise, tour operator top partner di The Travel Expert ( di cui Altreterreviaggi.it \u00e8 business partner autorizzato).<\/h4>\n<p><a href=\"http:\/\/www.altreterreviaggi.it\/index.php\/viaggi-yacht-ferretti-cl97\/\"><img loading=\"lazy\" class=\"alignnone wp-image-24200 size-medium\" src=\"http:\/\/www.altreterreviaggi.it\/wp-content\/uploads\/01-1140x760-1-300x200.jpg\" alt=\"\" width=\"300\" height=\"200\" srcset=\"http:\/\/www.altreterreviaggi.it\/wp-content\/uploads\/01-1140x760-1-300x200.jpg 300w, http:\/\/www.altreterreviaggi.it\/wp-content\/uploads\/01-1140x760-1-1024x683.jpg 1024w, http:\/\/www.altreterreviaggi.it\/wp-content\/uploads\/01-1140x760-1-768x512.jpg 768w, http:\/\/www.altreterreviaggi.it\/wp-content\/uploads\/01-1140x760-1.jpg 1140w\" sizes=\"(max-width: 300px) 100vw, 300px\" \/><\/a> \u00a0 \u00a0 <img loading=\"lazy\" class=\"alignnone size-medium wp-image-24201\" src=\"http:\/\/www.altreterreviaggi.it\/wp-content\/uploads\/1-3-458x305-1-300x200.jpg\" alt=\"\" width=\"300\" height=\"200\" srcset=\"http:\/\/www.altreterreviaggi.it\/wp-content\/uploads\/1-3-458x305-1-300x200.jpg 300w, http:\/\/www.altreterreviaggi.it\/wp-content\/uploads\/1-3-458x305-1.jpg 458w\" sizes=\"(max-width: 300px) 100vw, 300px\" \/>\u00a0 \u00a0 \u00a0<a href=\"http:\/\/www.altreterreviaggi.it\/index.php\/viaggi-yacht-aicon-62-sl-mine\/\"><img loading=\"lazy\" class=\"alignnone wp-image-24202 size-medium\" src=\"http:\/\/www.altreterreviaggi.it\/wp-content\/uploads\/02-458x305-1-300x200.png\" alt=\"\" width=\"300\" height=\"200\" srcset=\"http:\/\/www.altreterreviaggi.it\/wp-content\/uploads\/02-458x305-1-300x200.png 300w, http:\/\/www.altreterreviaggi.it\/wp-content\/uploads\/02-458x305-1.png 458w\" sizes=\"(max-width: 300px) 100vw, 300px\" \/><\/a><\/p>\n<p>&nbsp;<\/p>\n<p><img loading=\"lazy\" class=\"alignnone size-medium wp-image-24206\" src=\"http:\/\/www.altreterreviaggi.it\/wp-content\/uploads\/5-2-458x305-1-300x200.jpg\" alt=\"\" width=\"300\" height=\"200\" srcset=\"http:\/\/www.altreterreviaggi.it\/wp-content\/uploads\/5-2-458x305-1-300x200.jpg 300w, http:\/\/www.altreterreviaggi.it\/wp-content\/uploads\/5-2-458x305-1.jpg 458w\" sizes=\"(max-width: 300px) 100vw, 300px\" \/>\u00a0 \u00a0 \u00a0<a href=\"http:\/\/www.altreterreviaggi.it\/index.php\/viaggi-yacht-marco-polo-78-fly\/\"><img loading=\"lazy\" class=\"alignnone wp-image-24207 size-medium\" src=\"http:\/\/www.altreterreviaggi.it\/wp-content\/uploads\/480-yacht-marco-polo-78-2-1140x760-1-300x200.jpg\" alt=\"\" width=\"300\" height=\"200\" srcset=\"http:\/\/www.altreterreviaggi.it\/wp-content\/uploads\/480-yacht-marco-polo-78-2-1140x760-1-300x200.jpg 300w, http:\/\/www.altreterreviaggi.it\/wp-content\/uploads\/480-yacht-marco-polo-78-2-1140x760-1-1024x683.jpg 1024w, http:\/\/www.altreterreviaggi.it\/wp-content\/uploads\/480-yacht-marco-polo-78-2-1140x760-1-768x512.jpg 768w, http:\/\/www.altreterreviaggi.it\/wp-content\/uploads\/480-yacht-marco-polo-78-2-1140x760-1.jpg 1140w\" sizes=\"(max-width: 300px) 100vw, 300px\" \/><\/a>\u00a0 \u00a0 \u00a0<img loading=\"lazy\" class=\"alignnone size-medium wp-image-24208\" src=\"http:\/\/www.altreterreviaggi.it\/wp-content\/uploads\/aicon_56-scal-458x305-1-300x200.jpg\" alt=\"\" width=\"300\" height=\"200\" srcset=\"http:\/\/www.altreterreviaggi.it\/wp-content\/uploads\/aicon_56-scal-458x305-1-300x200.jpg 300w, http:\/\/www.altreterreviaggi.it\/wp-content\/uploads\/aicon_56-scal-458x305-1.jpg 458w\" sizes=\"(max-width: 300px) 100vw, 300px\" \/><\/p>\n<p>&nbsp;<\/p>\n<p><img loading=\"lazy\" class=\"alignnone size-medium wp-image-24209\" src=\"http:\/\/www.altreterreviaggi.it\/wp-content\/uploads\/ALENA-52_-100-scaled-1-458x305-1-300x200.jpg\" alt=\"\" width=\"300\" height=\"200\" srcset=\"http:\/\/www.altreterreviaggi.it\/wp-content\/uploads\/ALENA-52_-100-scaled-1-458x305-1-300x200.jpg 300w, http:\/\/www.altreterreviaggi.it\/wp-content\/uploads\/ALENA-52_-100-scaled-1-458x305-1.jpg 458w\" sizes=\"(max-width: 300px) 100vw, 300px\" \/>\u00a0 \u00a0 \u00a0<a href=\"http:\/\/www.altreterreviaggi.it\/index.php\/viaggi-yacht-aicon-72-sl-arwen\/\"><img loading=\"lazy\" class=\"alignnone wp-image-24210 size-medium\" src=\"http:\/\/www.altreterreviaggi.it\/wp-content\/uploads\/ARWEN-0096-1-458x305-1-300x200.jpg\" alt=\"\" width=\"300\" height=\"200\" srcset=\"http:\/\/www.altreterreviaggi.it\/wp-content\/uploads\/ARWEN-0096-1-458x305-1-300x200.jpg 300w, http:\/\/www.altreterreviaggi.it\/wp-content\/uploads\/ARWEN-0096-1-458x305-1.jpg 458w\" sizes=\"(max-width: 300px) 100vw, 300px\" \/><\/a>\u00a0 \u00a0 \u00a0<a href=\"http:\/\/www.altreterreviaggi.it\/index.php\/viaggi-yacht-uniesse-72-blue-ice\/\"><img loading=\"lazy\" class=\"alignnone wp-image-24211 size-medium\" src=\"http:\/\/www.altreterreviaggi.it\/wp-content\/uploads\/blue-ice-yacht-101-e1540832366993-458x305-1-300x200.jpg\" alt=\"\" width=\"300\" height=\"200\" srcset=\"http:\/\/www.altreterreviaggi.it\/wp-content\/uploads\/blue-ice-yacht-101-e1540832366993-458x305-1-300x200.jpg 300w, http:\/\/www.altreterreviaggi.it\/wp-content\/uploads\/blue-ice-yacht-101-e1540832366993-458x305-1.jpg 458w\" sizes=\"(max-width: 300px) 100vw, 300px\" \/><\/a><\/p>\n<h2><strong>Idea di itinerario alle Eolie e Egadi della durata di 14 notti:<\/strong><\/h2>\n<h2><strong>Dal 1\u00b0 al 2\u00b0 Giorno: Panarea<\/strong><\/h2>\n<h2>Partenza da Marina di Riposto, dove accolti dalla Crew riceverete il \u201cBenvenuto a Bordo\u201d nel nostro yacht. Rotta per le Isole Eolie alla volta di Panarea. In questi due giorni si potr\u00e0 fare un tuffo nelle acque cristalline dell\u2019Isola Bella, si visiter\u00e0 la Grotta Azzurra e la bella Baia delle Sirene. Pranzerete a bordo davanti alla splendida Cava di Pomice di Lipari, un\u2019esperienza suggestiva. Si visiter\u00e0 e si far\u00e0 il bagno a Lisca Bianca e Lisca Nera a Panarea. Si visiter\u00e0 Basiluzzo e le solfatare. Si sorseggia un ottimo aperitivo al Raya e si cena presso il ristorante Da Pina.<\/h2>\n<h2><strong>Dal 3\u00b0 al 4\u00b0 Giorno: Salina e Filicudi<\/strong><\/h2>\n<h2>Rotta per l\u2019Isola di Salina, famosa per il film \u201cIl Postino\u201d che ha fatto conoscere al grande pubblico quest\u2019isola meravigliosa, dove il verde dei vigneti abbraccia il blu del mare. Bagno nella splendida spiaggia di Pollara, pranzo bordo o al rinomato \u201cCapo Faro\u201d. Possibilit\u00e0 di raggiungere Filicudi per visitare la grotta del Bue Marino.<\/h2>\n<h2><strong>5\u00b0 Giorno: Ustica<\/strong><\/h2>\n<h2>Ustica si potranno visitare le grotte, le insenature lungo la costa e Cala Sidoti.<\/h2>\n<h2><strong>Dal 6\u00b0al 10\u00b0 Giorno: Levanzo, Favignana e Marettimo.<\/strong><\/h2>\n<h2>In questi tre giorni si potranno visitare Levanzo, Favignana e Marettimo. A Levanzo si pranzer\u00e0 ormeggiati nella baia di Cala Camaro, si visiteranno le grotte, Cala Minnola e Cala Tramontana. Mentre a Favignana vi aspettano le belle spiagge di sabbia bianca e fine, come quella di Praia. A Marettimo sosta a Cala Bianca per un tuffo nelle acque cristalline.<\/h2>\n<h2><strong>Dal 11\u00b0al 14\u00b0 Giorno: Lampedusa<\/strong><\/h2>\n<h2>Giornate dedicate a Lampedusa, una delle mete pi\u00f9 ambite per gli amanti delle immersioni e della natura selvaggia. Bagno alla Spiaggia dei Conigli, una delle pi\u00f9 belle del Mediterraneo.<\/h2>\n<h2>Esclusiva Go Cruise<\/h2>\n","protected":false},"excerpt":{"rendered":"<p>I curiosi seguirono con lo sguardo lo yacht, finche&#8217; non l\u2019ebbero perso di vista; e allora cominciarono le discussioni per sapere dove era diretto: alcuni dicevano in Corsica, altri all\u2019isola d\u2019Elba, altri ancora scommettevano sulla Spagna, e altri sostenevano che andava in Africa\u2026 Nessuno penso&#8217; all\u2019isola di Montecristo (Alexandre Dumas) Crociere individuali in esclusiva, di [&hellip;]<\/p>\n","protected":false},"author":1,"featured_media":4466,"parent":0,"menu_order":0,"comment_status":"closed","ping_status":"closed","template":"template-travels.php","meta":[],"yoast_head":"<!-- This site is optimized with the Yoast SEO plugin v18.2 - https:\/\/yoast.com\/wordpress\/plugins\/seo\/ -->\n<meta name=\"description\" content=\"I curiosi seguirono con lo sguardo lo yacht, finche&#039; non l\u2019ebbero perso di vista; e allora cominciarono le discussioni per sapere dove era diretto: alcuni\" \/>\n<meta name=\"robots\" content=\"index, follow, max-snippet:-1, max-image-preview:large, max-video-preview:-1\" \/>\n<link rel=\"canonical\" href=\"http:\/\/www.altreterreviaggi.it\/index.php\/viaggi-yatch\/\" \/>\n<meta property=\"og:locale\" content=\"it_IT\" \/>\n<meta property=\"og:type\" content=\"article\" \/>\n<meta property=\"og:title\" content=\"Viaggi Yacht - Altre Terre Viaggi\" \/>\n<meta property=\"og:description\" content=\"I curiosi seguirono con lo sguardo lo yacht, finche&#039; non l\u2019ebbero perso di vista; e allora cominciarono le discussioni per sapere dove era diretto: alcuni\" \/>\n<meta property=\"og:url\" content=\"http:\/\/www.altreterreviaggi.it\/index.php\/viaggi-yatch\/\" \/>\n<meta property=\"og:site_name\" content=\"Altre Terre Viaggi\" \/>\n<meta property=\"article:modified_time\" content=\"2024-06-13T06:15:40+00:00\" \/>\n<meta property=\"og:image\" content=\"http:\/\/www.altreterreviaggi.it\/wp-content\/uploads\/viaggiyat.jpg\" \/>\n\t<meta property=\"og:image:width\" content=\"1100\" \/>\n\t<meta property=\"og:image:height\" content=\"700\" \/>\n\t<meta property=\"og:image:type\" content=\"image\/jpeg\" \/>\n<meta name=\"twitter:card\" content=\"summary_large_image\" \/>\n<meta name=\"twitter:label1\" content=\"Tempo di lettura stimato\" \/>\n\t<meta name=\"twitter:data1\" content=\"5 minuti\" \/>\n<script type=\"application\/ld+json\" class=\"yoast-schema-graph\">{\"@context\":\"https:\/\/schema.org\",\"@graph\":[{\"@type\":\"WebSite\",\"@id\":\"http:\/\/www.altreterreviaggi.it\/#website\",\"url\":\"http:\/\/www.altreterreviaggi.it\/\",\"name\":\"Altre Terre Viaggi\",\"description\":\"\",\"potentialAction\":[{\"@type\":\"SearchAction\",\"target\":{\"@type\":\"EntryPoint\",\"urlTemplate\":\"http:\/\/www.altreterreviaggi.it\/?s={search_term_string}\"},\"query-input\":\"required name=search_term_string\"}],\"inLanguage\":\"it-IT\"},{\"@type\":\"ImageObject\",\"@id\":\"http:\/\/www.altreterreviaggi.it\/index.php\/viaggi-yatch\/#primaryimage\",\"inLanguage\":\"it-IT\",\"url\":\"http:\/\/www.altreterreviaggi.it\/wp-content\/uploads\/viaggiyat.jpg\",\"contentUrl\":\"http:\/\/www.altreterreviaggi.it\/wp-content\/uploads\/viaggiyat.jpg\",\"width\":1100,\"height\":700},{\"@type\":\"WebPage\",\"@id\":\"http:\/\/www.altreterreviaggi.it\/index.php\/viaggi-yatch\/#webpage\",\"url\":\"http:\/\/www.altreterreviaggi.it\/index.php\/viaggi-yatch\/\",\"name\":\"Viaggi Yacht - Altre Terre Viaggi\",\"isPartOf\":{\"@id\":\"http:\/\/www.altreterreviaggi.it\/#website\"},\"primaryImageOfPage\":{\"@id\":\"http:\/\/www.altreterreviaggi.it\/index.php\/viaggi-yatch\/#primaryimage\"},\"datePublished\":\"2021-12-19T16:44:10+00:00\",\"dateModified\":\"2024-06-13T06:15:40+00:00\",\"description\":\"I curiosi seguirono con lo sguardo lo yacht, finche' non l\u2019ebbero perso di vista; e allora cominciarono le discussioni per sapere dove era diretto: alcuni\",\"breadcrumb\":{\"@id\":\"http:\/\/www.altreterreviaggi.it\/index.php\/viaggi-yatch\/#breadcrumb\"},\"inLanguage\":\"it-IT\",\"potentialAction\":[{\"@type\":\"ReadAction\",\"target\":[\"http:\/\/www.altreterreviaggi.it\/index.php\/viaggi-yatch\/\"]}]},{\"@type\":\"BreadcrumbList\",\"@id\":\"http:\/\/www.altreterreviaggi.it\/index.php\/viaggi-yatch\/#breadcrumb\",\"itemListElement\":[{\"@type\":\"ListItem\",\"position\":1,\"name\":\"Viaggi Yacht\"}]}]}<\/script>\n<!-- \/ Yoast SEO plugin. -->","yoast_head_json":{"description":"I curiosi seguirono con lo sguardo lo yacht, finche' non l\u2019ebbero perso di vista; e allora cominciarono le discussioni per sapere dove era diretto: alcuni","robots":{"index":"index","follow":"follow","max-snippet":"max-snippet:-1","max-image-preview":"max-image-preview:large","max-video-preview":"max-video-preview:-1"},"canonical":"http:\/\/www.altreterreviaggi.it\/index.php\/viaggi-yatch\/","og_locale":"it_IT","og_type":"article","og_title":"Viaggi Yacht - Altre Terre Viaggi","og_description":"I curiosi seguirono con lo sguardo lo yacht, finche' non l\u2019ebbero perso di vista; e allora cominciarono le discussioni per sapere dove era diretto: alcuni","og_url":"http:\/\/www.altreterreviaggi.it\/index.php\/viaggi-yatch\/","og_site_name":"Altre Terre Viaggi","article_modified_time":"2024-06-13T06:15:40+00:00","og_image":[{"width":1100,"height":700,"url":"http:\/\/www.altreterreviaggi.it\/wp-content\/uploads\/viaggiyat.jpg","type":"image\/jpeg"}],"twitter_card":"summary_large_image","twitter_misc":{"Tempo di lettura stimato":"5 minuti"},"schema":{"@context":"https:\/\/schema.org","@graph":[{"@type":"WebSite","@id":"http:\/\/www.altreterreviaggi.it\/#website","url":"http:\/\/www.altreterreviaggi.it\/","name":"Altre Terre Viaggi","description":"","potentialAction":[{"@type":"SearchAction","target":{"@type":"EntryPoint","urlTemplate":"http:\/\/www.altreterreviaggi.it\/?s={search_term_string}"},"query-input":"required name=search_term_string"}],"inLanguage":"it-IT"},{"@type":"ImageObject","@id":"http:\/\/www.altreterreviaggi.it\/index.php\/viaggi-yatch\/#primaryimage","inLanguage":"it-IT","url":"http:\/\/www.altreterreviaggi.it\/wp-content\/uploads\/viaggiyat.jpg","contentUrl":"http:\/\/www.altreterreviaggi.it\/wp-content\/uploads\/viaggiyat.jpg","width":1100,"height":700},{"@type":"WebPage","@id":"http:\/\/www.altreterreviaggi.it\/index.php\/viaggi-yatch\/#webpage","url":"http:\/\/www.altreterreviaggi.it\/index.php\/viaggi-yatch\/","name":"Viaggi Yacht - Altre Terre Viaggi","isPartOf":{"@id":"http:\/\/www.altreterreviaggi.it\/#website"},"primaryImageOfPage":{"@id":"http:\/\/www.altreterreviaggi.it\/index.php\/viaggi-yatch\/#primaryimage"},"datePublished":"2021-12-19T16:44:10+00:00","dateModified":"2024-06-13T06:15:40+00:00","description":"I curiosi seguirono con lo sguardo lo yacht, finche' non l\u2019ebbero perso di vista; e allora cominciarono le discussioni per sapere dove era diretto: alcuni","breadcrumb":{"@id":"http:\/\/www.altreterreviaggi.it\/index.php\/viaggi-yatch\/#breadcrumb"},"inLanguage":"it-IT","potentialAction":[{"@type":"ReadAction","target":["http:\/\/www.altreterreviaggi.it\/index.php\/viaggi-yatch\/"]}]},{"@type":"BreadcrumbList","@id":"http:\/\/www.altreterreviaggi.it\/index.php\/viaggi-yatch\/#breadcrumb","itemListElement":[{"@type":"ListItem","position":1,"name":"Viaggi Yacht"}]}]}},"_links":{"self":[{"href":"http:\/\/www.altreterreviaggi.it\/index.php\/wp-json\/wp\/v2\/pages\/4463"}],"collection":[{"href":"http:\/\/www.altreterreviaggi.it\/index.php\/wp-json\/wp\/v2\/pages"}],"about":[{"href":"http:\/\/www.altreterreviaggi.it\/index.php\/wp-json\/wp\/v2\/types\/page"}],"author":[{"embeddable":true,"href":"http:\/\/www.altreterreviaggi.it\/index.php\/wp-json\/wp\/v2\/users\/1"}],"replies":[{"embeddable":true,"href":"http:\/\/www.altreterreviaggi.it\/index.php\/wp-json\/wp\/v2\/comments?post=4463"}],"version-history":[{"count":47,"href":"http:\/\/www.altreterreviaggi.it\/index.php\/wp-json\/wp\/v2\/pages\/4463\/revisions"}],"predecessor-version":[{"id":25004,"href":"http:\/\/www.altreterreviaggi.it\/index.php\/wp-json\/wp\/v2\/pages\/4463\/revisions\/25004"}],"wp:featuredmedia":[{"embeddable":true,"href":"http:\/\/www.altreterreviaggi.it\/index.php\/wp-json\/wp\/v2\/media\/4466"}],"wp:attachment":[{"href":"http:\/\/www.altreterreviaggi.it\/index.php\/wp-json\/wp\/v2\/media?parent=4463"}],"curies":[{"name":"wp","href":"https:\/\/api.w.org\/{rel}","templated":true}]}}