







{"id":36,"date":"2013-04-01T12:48:38","date_gmt":"2013-04-01T12:48:38","guid":{"rendered":"http:\/\/localhost\/travelo\/?page_id=24"},"modified":"2025-01-29T21:31:16","modified_gmt":"2025-01-29T20:31:16","slug":"chi-siamo","status":"publish","type":"page","link":"http:\/\/www.altreterreviaggi.it\/index.php\/chi-siamo\/","title":{"rendered":"Chi Siamo"},"content":{"rendered":"<h1><em><span style=\"font-family: verdana, sans-serif; color: #800000;\">  <h1 class=\"heading1\"><strong>&#8220;Il viaggio non soltanto allarga la mente: le d\u00e0 forma.&#8221;<\/strong> (Bruce Chatwin)<\/h1><\/span><\/em><\/h1>\n<h3><span style=\"font-family: verdana, sans-serif;\"><strong>Benvenuto su Altreterreviaggi.it!<\/strong> Siamo <strong>Amici di Viaggio<\/strong>, un gruppo di appassionati di viaggio composto da Roberto, Sabrina, Angelo e Roberto. Questo sito nasce dall&#8217;idea iniziale di Roberto e Rosalba, che hanno unito la loro passione per i viaggi con l&#8217;esperienza di tutti noi. Oggi vogliamo condividere con te tutto ci\u00f2 che sappiamo, per aiutarti a scoprire il mondo in modo unico e personalizzato.<\/span><\/h3>\n<h2><strong><span style=\"font-family: verdana, sans-serif;\">  <h2 class=\"heading2\">Cosa troverai su Altreterreviaggi.it:<\/h2><\/span><\/strong><\/h2>\n<h3><span style=\"font-family: verdana, sans-serif;\">Se stai cercando <strong>ispirazioni di viaggio<\/strong>, sei nel posto giusto. Sul nostro sito, troverai tanti <strong>suggerimenti per le tue vacanze<\/strong>, che spaziano dalle destinazioni pi\u00f9 famose a quelle meno conosciute. Se per\u00f2 desideri qualcosa di pi\u00f9 personalizzato, siamo qui per offrirti il nostro <strong>servizio di consulenza viaggi personalizzata<\/strong>. Ti aiuteremo a pianificare un viaggio che soddisfi ogni tua esigenza, rendendo la tua esperienza ancora pi\u00f9 speciale.<\/span><\/h3>\n<h2><strong><span style=\"font-family: verdana, sans-serif;\">  <h2 class=\"heading2\">Le nostre competenze:<\/h2><\/span><\/strong><\/h2>\n<h3><span style=\"font-family: verdana, sans-serif;\"><span style=\"color: #008000;\"><strong>Roberto<span class=\"v1gmail_default\"> P.<\/span><\/strong><\/span> ha vissuto per anni in <strong>Argentina<\/strong> e ha avuto l&#8217;opportunit\u00e0 di esplorare a fondo questo splendido paese e la sua gente. Grazie a questa esperienza, Roberto \u00e8 diventato un esperto di <strong>turismo in Argentina<\/strong> e pu\u00f2 guidarti alla scoperta di tutte le meraviglie che questo paese ha da offrire.<\/span><strong><a href=\"http:\/\/www.altreterreviaggi.it\/index.php\/chi-siamo-roberto\/\"><span style=\"color: #008000;\">info<\/span><\/a><\/strong><\/h3>\n<h3><span style=\"font-family: verdana, sans-serif;\"><span style=\"color: #008000;\"><strong>Sabrina e Angelo<\/strong><\/span> portano con s\u00e9 oltre 20 anni di esperienza nel campo del <strong>marketing turistico<\/strong> e <strong>web marketing per il turismo<\/strong>. Hanno una lunga carriera nel settore <strong>turismo e hotellerie<\/strong>, con una specializzazione in <strong>alberghi<\/strong>, <strong>crociere<\/strong>, <strong>agenzie di viaggi<\/strong> e <strong>uffici turistici<\/strong>. Se hai bisogno di consigli su come promuovere una destinazione o su come scegliere la sistemazione ideale, sono le persone giuste. <\/span><a href=\"http:\/\/www.altreterreviaggi.it\/index.php\/chi-siamo-sabrinaangelo\/\"><strong><span style=\"color: #008000;\">info<\/span><\/strong><\/a><\/h3>\n<h3><span style=\"font-family: verdana, sans-serif;\"><strong><span style=\"color: #008000;\">Roberto<\/span><span class=\"v1gmail_default\"><span style=\"color: #008000;\"> C<\/span>.<\/span><\/strong>, oltre a essere esperto di <strong>viaggi tailor-made<\/strong>, ha una profonda conoscenza delle <strong>destinazioni internazionali<\/strong> pi\u00f9 popolari, come <strong>Stati Uniti<\/strong>, <strong>Nuova Zelanda<\/strong>, Europa e <strong>Hawaii<\/strong>. Che tu stia cercando un <strong>short break<\/strong>, un <strong>viaggio sportivo<\/strong> o semplicemente una vacanza all&#8217;insegna del relax, Roberto \u00e8 pronto a creare un itinerario su misura per te. <\/span><a href=\"http:\/\/www.altreterreviaggi.it\/index.php\/chi-siamo-roberto-canfora\/\"><strong><span style=\"color: #008000;\">info<\/span><\/strong><\/a><\/h3>\n<h2><strong><span style=\"font-family: verdana, sans-serif;\">  <h2 class=\"heading2\">Come possiamo aiutarti:<\/h2><\/span><\/strong><\/h2>\n<h3><span style=\"font-family: verdana, sans-serif;\">Se hai bisogno di <strong>ispirazioni di viaggio<\/strong> o se stai cercando consigli pratici su come organizzare il tuo prossimo viaggio, non esitare a <strong><a href=\"http:\/\/www.altreterreviaggi.it\/index.php\/contatti-2\/\"><span style=\"color: #008000;\">contattarci.<\/span><\/a><\/strong> Ti offriamo anche consulenze personalizzate per creare il viaggio dei tuoi sogni, completamente adattato alle tue esigenze.<\/span><\/h3>\n<div class=\"third\"><p>\n<h2 style=\"text-align: center;\"><a href=\"http:\/\/www.altreterreviaggi.it\/index.php\/chi-siamo-roberto\/\"><span style=\"color: #008000;\"><strong>ROBERTO<\/strong><\/span><\/a><\/h2>\n<p style=\"text-align: center;\"><a href=\"http:\/\/www.altreterreviaggi.it\/index.php\/chi-siamo-roberto\/\"><img loading=\"lazy\" class=\"alignnone wp-image-24595 size-full\" src=\"http:\/\/www.altreterreviaggi.it\/wp-content\/uploads\/Roberto.jpg\" alt=\"\" width=\"205\" height=\"205\" srcset=\"http:\/\/www.altreterreviaggi.it\/wp-content\/uploads\/Roberto.jpg 205w, http:\/\/www.altreterreviaggi.it\/wp-content\/uploads\/Roberto-150x150.jpg 150w, http:\/\/www.altreterreviaggi.it\/wp-content\/uploads\/Roberto-65x65.jpg 65w\" sizes=\"(max-width: 205px) 100vw, 205px\" \/><\/a><\/p>\n<\/p><\/div>\n<div class=\"third\"><p>\n<h2 style=\"text-align: center;\"><a href=\"http:\/\/www.altreterreviaggi.it\/index.php\/chi-siamo-sabrinaangelo\/\"><span style=\"color: #008000;\"><strong>SABRINA E ANGELO<\/strong><\/span><\/a><\/h2>\n<p style=\"text-align: center;\"><a href=\"http:\/\/www.altreterreviaggi.it\/index.php\/chi-siamo-sabrinaangelo\/\"><img loading=\"lazy\" class=\"alignnone wp-image-24597 size-full\" src=\"http:\/\/www.altreterreviaggi.it\/wp-content\/uploads\/Sabrina-Angelo-300x292-1.jpeg\" alt=\"\" width=\"205\" height=\"205\" srcset=\"http:\/\/www.altreterreviaggi.it\/wp-content\/uploads\/Sabrina-Angelo-300x292-1.jpeg 205w, http:\/\/www.altreterreviaggi.it\/wp-content\/uploads\/Sabrina-Angelo-300x292-1-150x150.jpeg 150w, http:\/\/www.altreterreviaggi.it\/wp-content\/uploads\/Sabrina-Angelo-300x292-1-65x65.jpeg 65w\" sizes=\"(max-width: 205px) 100vw, 205px\" \/><\/a><\/p>\n<\/p><\/div>\n<div class=\"third\"><p>\n<h2 style=\"text-align: center;\"><a href=\"http:\/\/www.altreterreviaggi.it\/index.php\/chi-siamo-roberto-canfora\/\"><span style=\"color: #008000;\"><strong>ROBERTO<\/strong> <\/span><\/a><\/h2>\n<p style=\"text-align: center;\"><a href=\"http:\/\/www.altreterreviaggi.it\/index.php\/chi-siamo-roberto-canfora\/\"><img loading=\"lazy\" class=\"alignnone wp-image-25494\" src=\"http:\/\/www.altreterreviaggi.it\/wp-content\/uploads\/Roberto.C-300x300.jpeg\" alt=\"\" width=\"205\" height=\"205\" srcset=\"http:\/\/www.altreterreviaggi.it\/wp-content\/uploads\/Roberto.C-300x300.jpeg 300w, http:\/\/www.altreterreviaggi.it\/wp-content\/uploads\/Roberto.C-150x150.jpeg 150w, http:\/\/www.altreterreviaggi.it\/wp-content\/uploads\/Roberto.C-65x65.jpeg 65w, http:\/\/www.altreterreviaggi.it\/wp-content\/uploads\/Roberto.C.jpeg 680w\" sizes=\"(max-width: 205px) 100vw, 205px\" \/><\/a><\/p>\n<\/p><\/div>\n<h3><\/h3>\n<h3><strong>Su Altreterreviaggi.it,<\/strong> puoi trovare una serie di suggerimenti di viaggio a tema, realizzati anche dai nostri <strong>ESPERTI SPECIALISTI<\/strong>. Grazie alla nostra rete di amici professionisti, ti offriamo itinerari unici e esperienze personalizzate per il tuo viaggio. Se cerchi attivit\u00e0 tematiche o proposte su misura per le tue vacanze, sei nel posto giusto! Scopri tutte le idee di viaggio che abbiamo pensato per te e lasciati ispirare per la tua prossima avventura.<\/h3>\n<div class=\"third\"><p>\n<h2 class=\"western\" style=\"text-align: center;\"><span style=\"color: #008000;\"><strong><a style=\"color: #008000;\" href=\"http:\/\/www.altreterreviaggi.it\/index.php\/blog-1-foodwine-giacoletto\/\">FLAVIO\u00a0 CHEF<\/a><\/strong><\/span><\/h2>\n<p style=\"text-align: center;\"><a href=\"http:\/\/www.altreterreviaggi.it\/index.php\/blog-1-foodwine-giacoletto\/\"><img loading=\"lazy\" class=\"alignnone wp-image-8311 size-full\" src=\"http:\/\/www.altreterreviaggi.it\/wp-content\/uploads\/Flavio-Chef.jpg\" alt=\"\" width=\"205\" height=\"205\" srcset=\"http:\/\/www.altreterreviaggi.it\/wp-content\/uploads\/Flavio-Chef.jpg 205w, http:\/\/www.altreterreviaggi.it\/wp-content\/uploads\/Flavio-Chef-150x150.jpg 150w, http:\/\/www.altreterreviaggi.it\/wp-content\/uploads\/Flavio-Chef-65x65.jpg 65w\" sizes=\"(max-width: 205px) 100vw, 205px\" \/><\/a><\/p>\n<\/p><\/div>\n<div class=\"third\"><p>\n<h2 style=\"text-align: center;\"><span style=\"color: #008000;\"><strong><a style=\"color: #008000;\" href=\"http:\/\/www.altreterreviaggi.it\/index.php\/blog-1-esperenziali-marco-costa\/\">MARCO FOTOGRAFO\u00a0<\/a><\/strong><\/span><\/h2>\n<p style=\"text-align: center;\"><a href=\"http:\/\/www.altreterreviaggi.it\/index.php\/blog-1-esperenziali-marco-costa\/\"><img loading=\"lazy\" class=\"alignnone wp-image-8328 size-full\" src=\"http:\/\/www.altreterreviaggi.it\/wp-content\/uploads\/Marco-Costa-2.jpeg\" alt=\"\" width=\"205\" height=\"205\" srcset=\"http:\/\/www.altreterreviaggi.it\/wp-content\/uploads\/Marco-Costa-2.jpeg 205w, http:\/\/www.altreterreviaggi.it\/wp-content\/uploads\/Marco-Costa-2-150x150.jpeg 150w, http:\/\/www.altreterreviaggi.it\/wp-content\/uploads\/Marco-Costa-2-65x65.jpeg 65w\" sizes=\"(max-width: 205px) 100vw, 205px\" \/><\/a><\/p>\n<\/p><\/div>\n<div class=\"third\"><p>\n<h2 style=\"text-align: center;\"><span style=\"color: #008000;\"><strong><a style=\"color: #008000;\" href=\"http:\/\/www.altreterreviaggi.it\/index.php\/blog-arte-e-cultura-up-art\/\">UMBERTO UPART<\/a><\/strong><\/span><\/h2>\n<p style=\"text-align: center;\"><a href=\"http:\/\/www.altreterreviaggi.it\/index.php\/blog-arte-e-cultura-up-art\/\"><img loading=\"lazy\" class=\"alignnone wp-image-24601 size-full\" src=\"http:\/\/www.altreterreviaggi.it\/wp-content\/uploads\/UP-ART4-1-1.jpg\" alt=\"\" width=\"205\" height=\"205\" srcset=\"http:\/\/www.altreterreviaggi.it\/wp-content\/uploads\/UP-ART4-1-1.jpg 205w, http:\/\/www.altreterreviaggi.it\/wp-content\/uploads\/UP-ART4-1-1-150x150.jpg 150w, http:\/\/www.altreterreviaggi.it\/wp-content\/uploads\/UP-ART4-1-1-65x65.jpg 65w\" sizes=\"(max-width: 205px) 100vw, 205px\" \/><\/a><\/p>\n<\/p><\/div>\n<div class=\"third\"><p>\n<h2 style=\"text-align: center;\"><span style=\"color: #008000;\"><strong><a style=\"color: #008000;\" href=\"http:\/\/www.altreterreviaggi.it\/index.php\/blog-2-arte-e-cultura-claudio-cantore-libri\/\">CLAUDIO SCRITTORE<\/a><\/strong><\/span><\/h2>\n<p style=\"text-align: center;\"><a href=\"http:\/\/www.altreterreviaggi.it\/index.php\/blog-2-arte-e-cultura-claudio-cantore-libri\/\"><img loading=\"lazy\" class=\"alignnone wp-image-24612 size-full\" src=\"http:\/\/www.altreterreviaggi.it\/wp-content\/uploads\/Claudio-Cantore-a-2.jpg\" alt=\"\" width=\"205\" height=\"205\" srcset=\"http:\/\/www.altreterreviaggi.it\/wp-content\/uploads\/Claudio-Cantore-a-2.jpg 205w, http:\/\/www.altreterreviaggi.it\/wp-content\/uploads\/Claudio-Cantore-a-2-150x150.jpg 150w, http:\/\/www.altreterreviaggi.it\/wp-content\/uploads\/Claudio-Cantore-a-2-65x65.jpg 65w\" sizes=\"(max-width: 205px) 100vw, 205px\" \/><\/a><\/p>\n<\/p><\/div>\n<div class=\"third\"><p>\n<h2 style=\"text-align: center;\"><span style=\"color: #008000;\"><strong><a style=\"color: #008000;\" href=\"http:\/\/www.altreterreviaggi.it\/index.php\/chi-siamo-ivan-tarallo\/\">IVAN FIT TRAINER<\/a><\/strong><\/span><\/h2>\n<p style=\"text-align: center;\"><a href=\"http:\/\/www.altreterreviaggi.it\/index.php\/chi-siamo-ivan-tarallo\/\"><img loading=\"lazy\" class=\"alignnone wp-image-24609 size-full\" src=\"http:\/\/www.altreterreviaggi.it\/wp-content\/uploads\/Ivan-1.jpeg\" alt=\"\" width=\"205\" height=\"205\" srcset=\"http:\/\/www.altreterreviaggi.it\/wp-content\/uploads\/Ivan-1.jpeg 205w, http:\/\/www.altreterreviaggi.it\/wp-content\/uploads\/Ivan-1-150x150.jpeg 150w, http:\/\/www.altreterreviaggi.it\/wp-content\/uploads\/Ivan-1-65x65.jpeg 65w\" sizes=\"(max-width: 205px) 100vw, 205px\" \/><\/a><\/p>\n<\/p><\/div>\n<div class=\"third\"><p>\n<h2 style=\"text-align: center;\"><span style=\"color: #008000;\"><strong><a style=\"color: #008000;\" href=\"http:\/\/www.altreterreviaggi.it\/index.php\/blog-foodwine\/\">IVANA WINE EXPERIENCE\u00a0<\/a><\/strong><\/span><\/h2>\n<p style=\"text-align: center;\"><img loading=\"lazy\" class=\"alignnone wp-image-25503\" src=\"http:\/\/www.altreterreviaggi.it\/wp-content\/uploads\/Ivana-300x300.jpeg\" alt=\"\" width=\"205\" height=\"205\" srcset=\"http:\/\/www.altreterreviaggi.it\/wp-content\/uploads\/Ivana-300x300.jpeg 300w, http:\/\/www.altreterreviaggi.it\/wp-content\/uploads\/Ivana-150x150.jpeg 150w, http:\/\/www.altreterreviaggi.it\/wp-content\/uploads\/Ivana-768x768.jpeg 768w, http:\/\/www.altreterreviaggi.it\/wp-content\/uploads\/Ivana-65x65.jpeg 65w, http:\/\/www.altreterreviaggi.it\/wp-content\/uploads\/Ivana.jpeg 800w\" sizes=\"(max-width: 205px) 100vw, 205px\" \/><\/p>\n<\/p><\/div>\n","protected":false},"excerpt":{"rendered":"<p>Benvenuto su Altreterreviaggi.it! Siamo Amici di Viaggio, un gruppo di appassionati di viaggio composto da Roberto, Sabrina, Angelo e Roberto. Questo sito nasce dall&#8217;idea iniziale di Roberto e Rosalba, che hanno unito la loro passione per i viaggi con l&#8217;esperienza di tutti noi. Oggi vogliamo condividere con te tutto ci\u00f2 che sappiamo, per aiutarti a [&hellip;]<\/p>\n","protected":false},"author":1,"featured_media":0,"parent":0,"menu_order":0,"comment_status":"open","ping_status":"open","template":"template-about.php","meta":[],"yoast_head":"<!-- This site is optimized with the Yoast SEO plugin v18.2 - https:\/\/yoast.com\/wordpress\/plugins\/seo\/ -->\n<meta name=\"description\" content=\"Benvenuto su Altreterreviaggi.it! Siamo Amici di Viaggio, un gruppo di appassionati di viaggio composto da Roberto, Sabrina, Angelo e Roberto. Questo sito\" \/>\n<meta name=\"robots\" content=\"index, follow, max-snippet:-1, max-image-preview:large, max-video-preview:-1\" \/>\n<link rel=\"canonical\" href=\"http:\/\/www.altreterreviaggi.it\/index.php\/chi-siamo\/\" \/>\n<meta property=\"og:locale\" content=\"it_IT\" \/>\n<meta property=\"og:type\" content=\"article\" \/>\n<meta property=\"og:title\" content=\"Chi Siamo - Altre Terre Viaggi\" \/>\n<meta property=\"og:description\" content=\"Benvenuto su Altreterreviaggi.it! Siamo Amici di Viaggio, un gruppo di appassionati di viaggio composto da Roberto, Sabrina, Angelo e Roberto. Questo sito\" \/>\n<meta property=\"og:url\" content=\"http:\/\/www.altreterreviaggi.it\/index.php\/chi-siamo\/\" \/>\n<meta property=\"og:site_name\" content=\"Altre Terre Viaggi\" \/>\n<meta property=\"article:modified_time\" content=\"2025-01-29T20:31:16+00:00\" \/>\n<meta property=\"og:image\" content=\"http:\/\/www.altreterreviaggi.it\/wp-content\/uploads\/Roberto.jpg\" \/>\n<meta name=\"twitter:card\" content=\"summary_large_image\" \/>\n<meta name=\"twitter:label1\" content=\"Tempo di lettura stimato\" \/>\n\t<meta name=\"twitter:data1\" content=\"5 minuti\" \/>\n<script type=\"application\/ld+json\" class=\"yoast-schema-graph\">{\"@context\":\"https:\/\/schema.org\",\"@graph\":[{\"@type\":\"WebSite\",\"@id\":\"http:\/\/www.altreterreviaggi.it\/#website\",\"url\":\"http:\/\/www.altreterreviaggi.it\/\",\"name\":\"Altre Terre Viaggi\",\"description\":\"\",\"potentialAction\":[{\"@type\":\"SearchAction\",\"target\":{\"@type\":\"EntryPoint\",\"urlTemplate\":\"http:\/\/www.altreterreviaggi.it\/?s={search_term_string}\"},\"query-input\":\"required name=search_term_string\"}],\"inLanguage\":\"it-IT\"},{\"@type\":\"ImageObject\",\"@id\":\"http:\/\/www.altreterreviaggi.it\/index.php\/chi-siamo\/#primaryimage\",\"inLanguage\":\"it-IT\",\"url\":\"http:\/\/www.altreterreviaggi.it\/wp-content\/uploads\/Roberto.jpg\",\"contentUrl\":\"http:\/\/www.altreterreviaggi.it\/wp-content\/uploads\/Roberto.jpg\",\"width\":205,\"height\":205},{\"@type\":\"WebPage\",\"@id\":\"http:\/\/www.altreterreviaggi.it\/index.php\/chi-siamo\/#webpage\",\"url\":\"http:\/\/www.altreterreviaggi.it\/index.php\/chi-siamo\/\",\"name\":\"Chi Siamo - Altre Terre Viaggi\",\"isPartOf\":{\"@id\":\"http:\/\/www.altreterreviaggi.it\/#website\"},\"primaryImageOfPage\":{\"@id\":\"http:\/\/www.altreterreviaggi.it\/index.php\/chi-siamo\/#primaryimage\"},\"datePublished\":\"2013-04-01T12:48:38+00:00\",\"dateModified\":\"2025-01-29T20:31:16+00:00\",\"description\":\"Benvenuto su Altreterreviaggi.it! Siamo Amici di Viaggio, un gruppo di appassionati di viaggio composto da Roberto, Sabrina, Angelo e Roberto. Questo sito\",\"breadcrumb\":{\"@id\":\"http:\/\/www.altreterreviaggi.it\/index.php\/chi-siamo\/#breadcrumb\"},\"inLanguage\":\"it-IT\",\"potentialAction\":[{\"@type\":\"ReadAction\",\"target\":[\"http:\/\/www.altreterreviaggi.it\/index.php\/chi-siamo\/\"]}]},{\"@type\":\"BreadcrumbList\",\"@id\":\"http:\/\/www.altreterreviaggi.it\/index.php\/chi-siamo\/#breadcrumb\",\"itemListElement\":[{\"@type\":\"ListItem\",\"position\":1,\"name\":\"Chi Siamo\"}]}]}<\/script>\n<!-- \/ Yoast SEO plugin. -->","yoast_head_json":{"description":"Benvenuto su Altreterreviaggi.it! Siamo Amici di Viaggio, un gruppo di appassionati di viaggio composto da Roberto, Sabrina, Angelo e Roberto. Questo sito","robots":{"index":"index","follow":"follow","max-snippet":"max-snippet:-1","max-image-preview":"max-image-preview:large","max-video-preview":"max-video-preview:-1"},"canonical":"http:\/\/www.altreterreviaggi.it\/index.php\/chi-siamo\/","og_locale":"it_IT","og_type":"article","og_title":"Chi Siamo - Altre Terre Viaggi","og_description":"Benvenuto su Altreterreviaggi.it! Siamo Amici di Viaggio, un gruppo di appassionati di viaggio composto da Roberto, Sabrina, Angelo e Roberto. Questo sito","og_url":"http:\/\/www.altreterreviaggi.it\/index.php\/chi-siamo\/","og_site_name":"Altre Terre Viaggi","article_modified_time":"2025-01-29T20:31:16+00:00","og_image":[{"url":"http:\/\/www.altreterreviaggi.it\/wp-content\/uploads\/Roberto.jpg"}],"twitter_card":"summary_large_image","twitter_misc":{"Tempo di lettura stimato":"5 minuti"},"schema":{"@context":"https:\/\/schema.org","@graph":[{"@type":"WebSite","@id":"http:\/\/www.altreterreviaggi.it\/#website","url":"http:\/\/www.altreterreviaggi.it\/","name":"Altre Terre Viaggi","description":"","potentialAction":[{"@type":"SearchAction","target":{"@type":"EntryPoint","urlTemplate":"http:\/\/www.altreterreviaggi.it\/?s={search_term_string}"},"query-input":"required name=search_term_string"}],"inLanguage":"it-IT"},{"@type":"ImageObject","@id":"http:\/\/www.altreterreviaggi.it\/index.php\/chi-siamo\/#primaryimage","inLanguage":"it-IT","url":"http:\/\/www.altreterreviaggi.it\/wp-content\/uploads\/Roberto.jpg","contentUrl":"http:\/\/www.altreterreviaggi.it\/wp-content\/uploads\/Roberto.jpg","width":205,"height":205},{"@type":"WebPage","@id":"http:\/\/www.altreterreviaggi.it\/index.php\/chi-siamo\/#webpage","url":"http:\/\/www.altreterreviaggi.it\/index.php\/chi-siamo\/","name":"Chi Siamo - Altre Terre Viaggi","isPartOf":{"@id":"http:\/\/www.altreterreviaggi.it\/#website"},"primaryImageOfPage":{"@id":"http:\/\/www.altreterreviaggi.it\/index.php\/chi-siamo\/#primaryimage"},"datePublished":"2013-04-01T12:48:38+00:00","dateModified":"2025-01-29T20:31:16+00:00","description":"Benvenuto su Altreterreviaggi.it! Siamo Amici di Viaggio, un gruppo di appassionati di viaggio composto da Roberto, Sabrina, Angelo e Roberto. Questo sito","breadcrumb":{"@id":"http:\/\/www.altreterreviaggi.it\/index.php\/chi-siamo\/#breadcrumb"},"inLanguage":"it-IT","potentialAction":[{"@type":"ReadAction","target":["http:\/\/www.altreterreviaggi.it\/index.php\/chi-siamo\/"]}]},{"@type":"BreadcrumbList","@id":"http:\/\/www.altreterreviaggi.it\/index.php\/chi-siamo\/#breadcrumb","itemListElement":[{"@type":"ListItem","position":1,"name":"Chi Siamo"}]}]}},"_links":{"self":[{"href":"http:\/\/www.altreterreviaggi.it\/index.php\/wp-json\/wp\/v2\/pages\/36"}],"collection":[{"href":"http:\/\/www.altreterreviaggi.it\/index.php\/wp-json\/wp\/v2\/pages"}],"about":[{"href":"http:\/\/www.altreterreviaggi.it\/index.php\/wp-json\/wp\/v2\/types\/page"}],"author":[{"embeddable":true,"href":"http:\/\/www.altreterreviaggi.it\/index.php\/wp-json\/wp\/v2\/users\/1"}],"replies":[{"embeddable":true,"href":"http:\/\/www.altreterreviaggi.it\/index.php\/wp-json\/wp\/v2\/comments?post=36"}],"version-history":[{"count":186,"href":"http:\/\/www.altreterreviaggi.it\/index.php\/wp-json\/wp\/v2\/pages\/36\/revisions"}],"predecessor-version":[{"id":25530,"href":"http:\/\/www.altreterreviaggi.it\/index.php\/wp-json\/wp\/v2\/pages\/36\/revisions\/25530"}],"wp:attachment":[{"href":"http:\/\/www.altreterreviaggi.it\/index.php\/wp-json\/wp\/v2\/media?parent=36"}],"curies":[{"name":"wp","href":"https:\/\/api.w.org\/{rel}","templated":true}]}}